{"id":3950,"date":"2023-01-02T21:31:55","date_gmt":"2023-01-02T21:31:55","guid":{"rendered":"https:\/\/microbladingbyklaudia.al\/test\/test\/?page_id=3950"},"modified":"2026-01-22T16:10:39","modified_gmt":"2026-01-22T16:10:39","slug":"laser-tattoo-removal","status":"publish","type":"page","link":"https:\/\/microbladingbyklaudia.al\/?page_id=3950","title":{"rendered":"Laser Tattoo Removal"},"content":{"rendered":"<div class=\"wpb-content-wrapper\"><p>[vc_row][vc_column width=&#8221;1\/4&#8243;][\/vc_column][vc_column width=&#8221;1\/2&#8243;][vc_column_text css=&#8221;&#8221;]<\/p>\n<h3 style=\"text-align: center;\">QUANTA SYSTEM Q &#8211; PLUS EVO<\/h3>\n<p>[\/vc_column_text][vc_empty_space height=&#8221;64px&#8221;]<div class=\"mkdf-video-button-holder  mkdf-vb-has-img \">\n\t<div class=\"mkdf-video-button-image\">\n\t\t<img loading=\"lazy\" decoding=\"async\" width=\"585\" height=\"583\" src=\"https:\/\/microbladingbyklaudia.al\/wp-content\/uploads\/2025\/02\/image-fotor-2025021920626.png\" class=\"attachment-full size-full\" alt=\"\" srcset=\"https:\/\/microbladingbyklaudia.al\/wp-content\/uploads\/2025\/02\/image-fotor-2025021920626.png 585w, https:\/\/microbladingbyklaudia.al\/wp-content\/uploads\/2025\/02\/image-fotor-2025021920626-300x300.png 300w, https:\/\/microbladingbyklaudia.al\/wp-content\/uploads\/2025\/02\/image-fotor-2025021920626-150x150.png 150w\" sizes=\"auto, (max-width: 585px) 100vw, 585px\" \/>\t<\/div>\n\t\t\t<a class=\"mkdf-video-button-play\" href=\"https:\/\/microbladingbyklaudia.al\/wp-content\/uploads\/2025\/02\/WhatsApp-Video-2025-02-14-at-4.29.05-PM-1.mp4\" data-rel=\"prettyPhoto[video_button_pretty_photo_897]\">\n\t\t\t<span class=\"mkdf-video-button-play-inner\">\n\t\t\t\t<span class=\"mkdf-video-button-play-bg\" >\n\t\t\t\t\t<span class=\"mkdf-video-button-play-icon icon-control-play\" ><\/span>\n\t\t\t\t<\/span>\n\t\t\t<\/span>\n\t\t<\/a>\n\t<\/div>[vc_empty_space height=&#8221;64px&#8221;][\/vc_column][vc_column width=&#8221;1\/4&#8243;][\/vc_column][\/vc_row][vc_row][vc_column]<div class=\"mkdf-elements-holder   mkdf-one-column  mkdf-responsive-mode-768 \" ><div class=\"mkdf-eh-item   mkdf-horizontal-alignment-center \"  data-item-class=\"mkdf-eh-custom-4209\">\n\t<div class=\"mkdf-eh-item-inner\">\n\t\t<div class=\"mkdf-eh-item-content mkdf-eh-custom-4209\" >\n\t\t\t<div class=\"mkdf-image-gallery mkdf-grid-list mkdf-grid-masonry-list mkdf-disable-bottom-space  mkdf-ig-masonry-type mkdf-two-columns mkdf-huge-space  \">\n\t<div class=\"mkdf-ig-inner mkdf-outer-space mkdf-masonry-list-wrapper\">\n\t\t<div class=\"mkdf-masonry-grid-sizer\"><\/div>\n\t\t<div class=\"mkdf-masonry-grid-gutter\"><\/div>\n\t\t\t\t\t\t\t\t<div class=\"mkdf-ig-image mkdf-item-space \">\n\t\t\t\t<div class=\"mkdf-ig-image-inner\">\n\t\t\t\t\t\t\t\t\t\t\t<img loading=\"lazy\" decoding=\"async\" width=\"1080\" height=\"1080\" src=\"https:\/\/microbladingbyklaudia.al\/wp-content\/uploads\/2025\/02\/WhatsApp-Image-2025-02-14-at-4.29.06-PM-2.jpeg\" class=\"attachment-full size-full\" alt=\"\" srcset=\"https:\/\/microbladingbyklaudia.al\/wp-content\/uploads\/2025\/02\/WhatsApp-Image-2025-02-14-at-4.29.06-PM-2.jpeg 1080w, https:\/\/microbladingbyklaudia.al\/wp-content\/uploads\/2025\/02\/WhatsApp-Image-2025-02-14-at-4.29.06-PM-2-300x300.jpeg 300w, https:\/\/microbladingbyklaudia.al\/wp-content\/uploads\/2025\/02\/WhatsApp-Image-2025-02-14-at-4.29.06-PM-2-1024x1024.jpeg 1024w, https:\/\/microbladingbyklaudia.al\/wp-content\/uploads\/2025\/02\/WhatsApp-Image-2025-02-14-at-4.29.06-PM-2-150x150.jpeg 150w, https:\/\/microbladingbyklaudia.al\/wp-content\/uploads\/2025\/02\/WhatsApp-Image-2025-02-14-at-4.29.06-PM-2-768x768.jpeg 768w, https:\/\/microbladingbyklaudia.al\/wp-content\/uploads\/2025\/02\/WhatsApp-Image-2025-02-14-at-4.29.06-PM-2-650x650.jpeg 650w\" sizes=\"auto, (max-width: 1080px) 100vw, 1080px\" \/>\t\t\t\t\t\t\t\t\t<\/div>\n\t\t\t<\/div>\n\t\t\t\t\t\t\t\t<div class=\"mkdf-ig-image mkdf-item-space \">\n\t\t\t\t<div class=\"mkdf-ig-image-inner\">\n\t\t\t\t\t\t\t\t\t\t\t<img loading=\"lazy\" decoding=\"async\" width=\"1080\" height=\"1080\" src=\"https:\/\/microbladingbyklaudia.al\/wp-content\/uploads\/2025\/02\/WhatsApp-Image-2025-02-14-at-4.29.06-PM-3.jpeg\" class=\"attachment-full size-full\" alt=\"\" srcset=\"https:\/\/microbladingbyklaudia.al\/wp-content\/uploads\/2025\/02\/WhatsApp-Image-2025-02-14-at-4.29.06-PM-3.jpeg 1080w, https:\/\/microbladingbyklaudia.al\/wp-content\/uploads\/2025\/02\/WhatsApp-Image-2025-02-14-at-4.29.06-PM-3-300x300.jpeg 300w, https:\/\/microbladingbyklaudia.al\/wp-content\/uploads\/2025\/02\/WhatsApp-Image-2025-02-14-at-4.29.06-PM-3-1024x1024.jpeg 1024w, https:\/\/microbladingbyklaudia.al\/wp-content\/uploads\/2025\/02\/WhatsApp-Image-2025-02-14-at-4.29.06-PM-3-150x150.jpeg 150w, https:\/\/microbladingbyklaudia.al\/wp-content\/uploads\/2025\/02\/WhatsApp-Image-2025-02-14-at-4.29.06-PM-3-768x768.jpeg 768w, https:\/\/microbladingbyklaudia.al\/wp-content\/uploads\/2025\/02\/WhatsApp-Image-2025-02-14-at-4.29.06-PM-3-650x650.jpeg 650w\" sizes=\"auto, (max-width: 1080px) 100vw, 1080px\" \/>\t\t\t\t\t\t\t\t\t<\/div>\n\t\t\t<\/div>\n\t\t\t<\/div>\n<\/div>[vc_empty_space height=&#8221;64px&#8221;][vc_zigzag color=&#8221;pink&#8221;][vc_column_text css=&#8221;&#8221;]N\u00eb klinik\u00ebn ton\u00eb gjeni fjal\u00ebn e fundit t\u00eb teknologjis\u00eb\u00a0 p\u00ebr pajisjet laser me efektivitet m\u00eb t\u00eb lart\u00eb:<\/p>\n<p>Philaser Picosure nga Cynosure dhe Evo Q Plus nga Quanta system.<\/p>\n<p>K\u00ebto pajisje moderne heqin t\u00eb gjitha llojet e pigmentit nga l\u00ebkura, por numri i seancave varet nga lloji i pigmentit t\u00eb p\u00ebrdorur dhe thell\u00ebsia e pun\u00ebs, sa shpesh \u00ebsht\u00eb trajtuar nj\u00eb vetull, ose sa i thell\u00eb dhe i fort\u00eb \u00ebsht\u00eb pigmenti n\u00eb nj\u00eb tatuazh n\u00eb trup.<\/p>\n<p>Sa m\u00eb shum\u00eb seanca t\u00eb kryhen n\u00eb vetull, aq m\u00eb shum\u00eb seanca nevojiten p\u00ebr ta hequr at\u00eb.<\/p>\n<p>\u274c Pa shenja<\/p>\n<p>\u274c Pa djegie<\/p>\n<p>\u274c Pa skuqje<\/p>\n<p>Ajo q\u00eb na dallon \u00ebsht\u00eb profesionalizmi dhe transparenca jon\u00eb me klient\u00ebt, ku mund ta shihni pun\u00ebn ton\u00eb n\u00eb faqen @philaser_tattoo_removal.<\/p>\n<p>Stafi yn\u00eb \u00ebsht\u00eb i trajnuar nga prodhuesit e lazer\u00ebve dhe i \u00e7ertifikuar nd\u00ebrkomb\u00ebtarisht.<\/p>\n<p>Procedura kryhet nga Master Phiacademy.<\/p>\n<p>Erald Isufaj[\/vc_column_text]\t\t<\/div>\n\t<\/div>\n<\/div><\/div>[\/vc_column][\/vc_row][vc_row][vc_column width=&#8221;1\/6&#8243;][\/vc_column][vc_column width=&#8221;2\/3&#8243;]<div class=\"mkdf-elements-holder   mkdf-one-column  mkdf-responsive-mode-768 \" ><div class=\"mkdf-eh-item   mkdf-horizontal-alignment-center \"  data-item-class=\"mkdf-eh-custom-4688\">\n\t<div class=\"mkdf-eh-item-inner\">\n\t\t<div class=\"mkdf-eh-item-content mkdf-eh-custom-4688\" >\n\t\t\t<div class=\"mkdf-image-gallery  mkdf-ig-slider-type mkdf-three-columns mkdf-huge-space  \">\n\t<div class=\"mkdf-ig-slider mkdf-owl-slider\" data-number-of-items=\"1\" data-enable-loop=\"yes\" data-enable-autoplay=\"yes\" data-slider-speed=\"5000\" data-slider-speed-animation=\"600\" data-slider-padding=\"no\" data-enable-navigation=\"yes\" data-enable-pagination=\"yes\">\n\t\t\t\t\t<div class=\"mkdf-ig-image\">\n\t\t\t\t\t\t\t\t\t<img loading=\"lazy\" decoding=\"async\" width=\"1080\" height=\"1080\" src=\"https:\/\/microbladingbyklaudia.al\/wp-content\/uploads\/2023\/02\/IMG_3872.png\" class=\"attachment-full size-full\" alt=\"\" srcset=\"https:\/\/microbladingbyklaudia.al\/wp-content\/uploads\/2023\/02\/IMG_3872.png 1080w, https:\/\/microbladingbyklaudia.al\/wp-content\/uploads\/2023\/02\/IMG_3872-300x300.png 300w, https:\/\/microbladingbyklaudia.al\/wp-content\/uploads\/2023\/02\/IMG_3872-1024x1024.png 1024w, https:\/\/microbladingbyklaudia.al\/wp-content\/uploads\/2023\/02\/IMG_3872-150x150.png 150w, https:\/\/microbladingbyklaudia.al\/wp-content\/uploads\/2023\/02\/IMG_3872-768x768.png 768w, https:\/\/microbladingbyklaudia.al\/wp-content\/uploads\/2023\/02\/IMG_3872-650x650.png 650w\" sizes=\"auto, (max-width: 1080px) 100vw, 1080px\" \/>\t\t\t\t\t\t\t<\/div>\n\t\t\t\t\t<div class=\"mkdf-ig-image\">\n\t\t\t\t\t\t\t\t\t<img loading=\"lazy\" decoding=\"async\" width=\"1080\" height=\"1080\" src=\"https:\/\/microbladingbyklaudia.al\/wp-content\/uploads\/2023\/02\/IMG_3871.png\" class=\"attachment-full size-full\" alt=\"\" srcset=\"https:\/\/microbladingbyklaudia.al\/wp-content\/uploads\/2023\/02\/IMG_3871.png 1080w, https:\/\/microbladingbyklaudia.al\/wp-content\/uploads\/2023\/02\/IMG_3871-300x300.png 300w, https:\/\/microbladingbyklaudia.al\/wp-content\/uploads\/2023\/02\/IMG_3871-1024x1024.png 1024w, https:\/\/microbladingbyklaudia.al\/wp-content\/uploads\/2023\/02\/IMG_3871-150x150.png 150w, https:\/\/microbladingbyklaudia.al\/wp-content\/uploads\/2023\/02\/IMG_3871-768x768.png 768w, https:\/\/microbladingbyklaudia.al\/wp-content\/uploads\/2023\/02\/IMG_3871-650x650.png 650w\" sizes=\"auto, (max-width: 1080px) 100vw, 1080px\" \/>\t\t\t\t\t\t\t<\/div>\n\t\t\t\t\t<div class=\"mkdf-ig-image\">\n\t\t\t\t\t\t\t\t\t<img loading=\"lazy\" decoding=\"async\" width=\"1080\" height=\"1080\" src=\"https:\/\/microbladingbyklaudia.al\/wp-content\/uploads\/2023\/02\/IMG_3873.png\" class=\"attachment-full size-full\" alt=\"\" srcset=\"https:\/\/microbladingbyklaudia.al\/wp-content\/uploads\/2023\/02\/IMG_3873.png 1080w, https:\/\/microbladingbyklaudia.al\/wp-content\/uploads\/2023\/02\/IMG_3873-300x300.png 300w, https:\/\/microbladingbyklaudia.al\/wp-content\/uploads\/2023\/02\/IMG_3873-1024x1024.png 1024w, https:\/\/microbladingbyklaudia.al\/wp-content\/uploads\/2023\/02\/IMG_3873-150x150.png 150w, https:\/\/microbladingbyklaudia.al\/wp-content\/uploads\/2023\/02\/IMG_3873-768x768.png 768w, https:\/\/microbladingbyklaudia.al\/wp-content\/uploads\/2023\/02\/IMG_3873-650x650.png 650w\" sizes=\"auto, (max-width: 1080px) 100vw, 1080px\" \/>\t\t\t\t\t\t\t<\/div>\n\t\t\t\t\t<div class=\"mkdf-ig-image\">\n\t\t\t\t\t\t\t\t\t<img loading=\"lazy\" decoding=\"async\" width=\"1080\" height=\"1080\" src=\"https:\/\/microbladingbyklaudia.al\/wp-content\/uploads\/2023\/02\/IMG_3870.png\" class=\"attachment-full size-full\" alt=\"\" srcset=\"https:\/\/microbladingbyklaudia.al\/wp-content\/uploads\/2023\/02\/IMG_3870.png 1080w, https:\/\/microbladingbyklaudia.al\/wp-content\/uploads\/2023\/02\/IMG_3870-300x300.png 300w, https:\/\/microbladingbyklaudia.al\/wp-content\/uploads\/2023\/02\/IMG_3870-1024x1024.png 1024w, https:\/\/microbladingbyklaudia.al\/wp-content\/uploads\/2023\/02\/IMG_3870-150x150.png 150w, https:\/\/microbladingbyklaudia.al\/wp-content\/uploads\/2023\/02\/IMG_3870-768x768.png 768w, https:\/\/microbladingbyklaudia.al\/wp-content\/uploads\/2023\/02\/IMG_3870-650x650.png 650w\" sizes=\"auto, (max-width: 1080px) 100vw, 1080px\" \/>\t\t\t\t\t\t\t<\/div>\n\t\t\t\t\t<div class=\"mkdf-ig-image\">\n\t\t\t\t\t\t\t\t\t<img loading=\"lazy\" decoding=\"async\" width=\"1080\" height=\"1080\" src=\"https:\/\/microbladingbyklaudia.al\/wp-content\/uploads\/2023\/02\/IMG_3052.png\" class=\"attachment-full size-full\" alt=\"\" srcset=\"https:\/\/microbladingbyklaudia.al\/wp-content\/uploads\/2023\/02\/IMG_3052.png 1080w, https:\/\/microbladingbyklaudia.al\/wp-content\/uploads\/2023\/02\/IMG_3052-300x300.png 300w, https:\/\/microbladingbyklaudia.al\/wp-content\/uploads\/2023\/02\/IMG_3052-1024x1024.png 1024w, https:\/\/microbladingbyklaudia.al\/wp-content\/uploads\/2023\/02\/IMG_3052-150x150.png 150w, https:\/\/microbladingbyklaudia.al\/wp-content\/uploads\/2023\/02\/IMG_3052-768x768.png 768w, https:\/\/microbladingbyklaudia.al\/wp-content\/uploads\/2023\/02\/IMG_3052-650x650.png 650w\" sizes=\"auto, (max-width: 1080px) 100vw, 1080px\" \/>\t\t\t\t\t\t\t<\/div>\n\t\t\t\t\t<div class=\"mkdf-ig-image\">\n\t\t\t\t\t\t\t\t\t<img loading=\"lazy\" decoding=\"async\" width=\"1080\" height=\"1080\" src=\"https:\/\/microbladingbyklaudia.al\/wp-content\/uploads\/2023\/02\/IMG_3051.png\" class=\"attachment-full size-full\" alt=\"\" srcset=\"https:\/\/microbladingbyklaudia.al\/wp-content\/uploads\/2023\/02\/IMG_3051.png 1080w, https:\/\/microbladingbyklaudia.al\/wp-content\/uploads\/2023\/02\/IMG_3051-300x300.png 300w, https:\/\/microbladingbyklaudia.al\/wp-content\/uploads\/2023\/02\/IMG_3051-1024x1024.png 1024w, https:\/\/microbladingbyklaudia.al\/wp-content\/uploads\/2023\/02\/IMG_3051-150x150.png 150w, https:\/\/microbladingbyklaudia.al\/wp-content\/uploads\/2023\/02\/IMG_3051-768x768.png 768w, https:\/\/microbladingbyklaudia.al\/wp-content\/uploads\/2023\/02\/IMG_3051-650x650.png 650w\" sizes=\"auto, (max-width: 1080px) 100vw, 1080px\" \/>\t\t\t\t\t\t\t<\/div>\n\t\t\t<\/div>\n<\/div>[vc_empty_space height=&#8221;64px&#8221;]\t\t<\/div>\n\t<\/div>\n<\/div><\/div>[\/vc_column][vc_column width=&#8221;1\/6&#8243;][\/vc_column][\/vc_row]<\/p>\n<\/div>","protected":false},"excerpt":{"rendered":"<p>[vc_row][vc_column width=&#8221;1\/4&#8243;][\/vc_column][vc_column width=&#8221;1\/2&#8243;][vc_column_text css=&#8221;&#8221;] QUANTA SYSTEM Q &#8211; PLUS EVO [\/vc_column_text][vc_empty_space height=&#8221;64px&#8221;][vc_empty_space height=&#8221;64px&#8221;][\/vc_column][vc_column width=&#8221;1\/4&#8243;][\/vc_column][\/vc_row][vc_row][vc_column][\/vc_column][\/vc_row][vc_row][vc_column width=&#8221;1\/6&#8243;][\/vc_column][vc_column width=&#8221;2\/3&#8243;][\/vc_column][vc_column width=&#8221;1\/6&#8243;][\/vc_column][\/vc_row]<\/p>\n","protected":false},"author":1,"featured_media":0,"parent":0,"menu_order":0,"comment_status":"closed","ping_status":"closed","template":"","meta":{"footnotes":""},"class_list":["post-3950","page","type-page","status-publish","hentry"],"yoast_head":"<!-- This site is optimized with the Yoast SEO plugin v27.3 - https:\/\/yoast.com\/product\/yoast-seo-wordpress\/ -->\n<title>Laser Tattoo Removal - Microblading By Klaudia<\/title>\n<meta name=\"robots\" content=\"index, follow, max-snippet:-1, max-image-preview:large, max-video-preview:-1\" \/>\n<link rel=\"canonical\" href=\"https:\/\/microbladingbyklaudia.al\/?page_id=3950\" \/>\n<meta property=\"og:locale\" content=\"sq_AL\" \/>\n<meta property=\"og:type\" content=\"article\" \/>\n<meta property=\"og:title\" content=\"Laser Tattoo Removal - Microblading By Klaudia\" \/>\n<meta property=\"og:description\" content=\"[vc_row][vc_column width=&#8221;1\/4&#8243;][\/vc_column][vc_column width=&#8221;1\/2&#8243;][vc_column_text css=&#8221;&#8221;] QUANTA SYSTEM Q &#8211; PLUS EVO [\/vc_column_text][vc_empty_space height=&#8221;64px&#8221;][vc_empty_space height=&#8221;64px&#8221;][\/vc_column][vc_column width=&#8221;1\/4&#8243;][\/vc_column][\/vc_row][vc_row][vc_column][\/vc_column][\/vc_row][vc_row][vc_column width=&#8221;1\/6&#8243;][\/vc_column][vc_column width=&#8221;2\/3&#8243;][\/vc_column][vc_column width=&#8221;1\/6&#8243;][\/vc_column][\/vc_row]\" \/>\n<meta property=\"og:url\" content=\"https:\/\/microbladingbyklaudia.al\/?page_id=3950\" \/>\n<meta property=\"og:site_name\" content=\"Microblading By Klaudia\" \/>\n<meta property=\"article:publisher\" content=\"https:\/\/www.facebook.com\/klaudiasaesthetic\/\" \/>\n<meta property=\"article:modified_time\" content=\"2026-01-22T16:10:39+00:00\" \/>\n<meta name=\"twitter:card\" content=\"summary_large_image\" \/>\n<meta name=\"twitter:label1\" content=\"Est. reading time\" \/>\n\t<meta name=\"twitter:data1\" content=\"3 minutes\" \/>\n<script type=\"application\/ld+json\" class=\"yoast-schema-graph\">{\"@context\":\"https:\\\/\\\/schema.org\",\"@graph\":[{\"@type\":\"WebPage\",\"@id\":\"https:\\\/\\\/microbladingbyklaudia.al\\\/?page_id=3950\",\"url\":\"https:\\\/\\\/microbladingbyklaudia.al\\\/?page_id=3950\",\"name\":\"Laser Tattoo Removal - Microblading By Klaudia\",\"isPartOf\":{\"@id\":\"https:\\\/\\\/microbladingbyklaudia.al\\\/#website\"},\"datePublished\":\"2023-01-02T21:31:55+00:00\",\"dateModified\":\"2026-01-22T16:10:39+00:00\",\"breadcrumb\":{\"@id\":\"https:\\\/\\\/microbladingbyklaudia.al\\\/?page_id=3950#breadcrumb\"},\"inLanguage\":\"sq-AL\",\"potentialAction\":[{\"@type\":\"ReadAction\",\"target\":[\"https:\\\/\\\/microbladingbyklaudia.al\\\/?page_id=3950\"]}]},{\"@type\":\"BreadcrumbList\",\"@id\":\"https:\\\/\\\/microbladingbyklaudia.al\\\/?page_id=3950#breadcrumb\",\"itemListElement\":[{\"@type\":\"ListItem\",\"position\":1,\"name\":\"Home\",\"item\":\"https:\\\/\\\/microbladingbyklaudia.al\\\/\"},{\"@type\":\"ListItem\",\"position\":2,\"name\":\"Laser Tattoo Removal\"}]},{\"@type\":\"WebSite\",\"@id\":\"https:\\\/\\\/microbladingbyklaudia.al\\\/#website\",\"url\":\"https:\\\/\\\/microbladingbyklaudia.al\\\/\",\"name\":\"Klaudia's Aesthetics\",\"description\":\"Microblading By Klaudia\",\"publisher\":{\"@id\":\"https:\\\/\\\/microbladingbyklaudia.al\\\/#organization\"},\"potentialAction\":[{\"@type\":\"SearchAction\",\"target\":{\"@type\":\"EntryPoint\",\"urlTemplate\":\"https:\\\/\\\/microbladingbyklaudia.al\\\/?s={search_term_string}\"},\"query-input\":{\"@type\":\"PropertyValueSpecification\",\"valueRequired\":true,\"valueName\":\"search_term_string\"}}],\"inLanguage\":\"sq-AL\"},{\"@type\":\"Organization\",\"@id\":\"https:\\\/\\\/microbladingbyklaudia.al\\\/#organization\",\"name\":\"Klaudia's Aesthetics\",\"url\":\"https:\\\/\\\/microbladingbyklaudia.al\\\/\",\"logo\":{\"@type\":\"ImageObject\",\"inLanguage\":\"sq-AL\",\"@id\":\"https:\\\/\\\/microbladingbyklaudia.al\\\/#\\\/schema\\\/logo\\\/image\\\/\",\"url\":\"https:\\\/\\\/microbladingbyklaudia.al\\\/wp-content\\\/uploads\\\/2023\\\/02\\\/1-removebg-preview-e1676483562292.png\",\"contentUrl\":\"https:\\\/\\\/microbladingbyklaudia.al\\\/wp-content\\\/uploads\\\/2023\\\/02\\\/1-removebg-preview-e1676483562292.png\",\"width\":250,\"height\":250,\"caption\":\"Klaudia's Aesthetics\"},\"image\":{\"@id\":\"https:\\\/\\\/microbladingbyklaudia.al\\\/#\\\/schema\\\/logo\\\/image\\\/\"},\"sameAs\":[\"https:\\\/\\\/www.facebook.com\\\/klaudiasaesthetic\\\/\",\"https:\\\/\\\/www.instagram.com\\\/klaudias_aesthetic\\\/\"]}]}<\/script>\n<!-- \/ Yoast SEO plugin. -->","yoast_head_json":{"title":"Laser Tattoo Removal - Microblading By Klaudia","robots":{"index":"index","follow":"follow","max-snippet":"max-snippet:-1","max-image-preview":"max-image-preview:large","max-video-preview":"max-video-preview:-1"},"canonical":"https:\/\/microbladingbyklaudia.al\/?page_id=3950","og_locale":"sq_AL","og_type":"article","og_title":"Laser Tattoo Removal - Microblading By Klaudia","og_description":"[vc_row][vc_column width=&#8221;1\/4&#8243;][\/vc_column][vc_column width=&#8221;1\/2&#8243;][vc_column_text css=&#8221;&#8221;] QUANTA SYSTEM Q &#8211; PLUS EVO [\/vc_column_text][vc_empty_space height=&#8221;64px&#8221;][vc_empty_space height=&#8221;64px&#8221;][\/vc_column][vc_column width=&#8221;1\/4&#8243;][\/vc_column][\/vc_row][vc_row][vc_column][\/vc_column][\/vc_row][vc_row][vc_column width=&#8221;1\/6&#8243;][\/vc_column][vc_column width=&#8221;2\/3&#8243;][\/vc_column][vc_column width=&#8221;1\/6&#8243;][\/vc_column][\/vc_row]","og_url":"https:\/\/microbladingbyklaudia.al\/?page_id=3950","og_site_name":"Microblading By Klaudia","article_publisher":"https:\/\/www.facebook.com\/klaudiasaesthetic\/","article_modified_time":"2026-01-22T16:10:39+00:00","twitter_card":"summary_large_image","twitter_misc":{"Est. reading time":"3 minutes"},"schema":{"@context":"https:\/\/schema.org","@graph":[{"@type":"WebPage","@id":"https:\/\/microbladingbyklaudia.al\/?page_id=3950","url":"https:\/\/microbladingbyklaudia.al\/?page_id=3950","name":"Laser Tattoo Removal - Microblading By Klaudia","isPartOf":{"@id":"https:\/\/microbladingbyklaudia.al\/#website"},"datePublished":"2023-01-02T21:31:55+00:00","dateModified":"2026-01-22T16:10:39+00:00","breadcrumb":{"@id":"https:\/\/microbladingbyklaudia.al\/?page_id=3950#breadcrumb"},"inLanguage":"sq-AL","potentialAction":[{"@type":"ReadAction","target":["https:\/\/microbladingbyklaudia.al\/?page_id=3950"]}]},{"@type":"BreadcrumbList","@id":"https:\/\/microbladingbyklaudia.al\/?page_id=3950#breadcrumb","itemListElement":[{"@type":"ListItem","position":1,"name":"Home","item":"https:\/\/microbladingbyklaudia.al\/"},{"@type":"ListItem","position":2,"name":"Laser Tattoo Removal"}]},{"@type":"WebSite","@id":"https:\/\/microbladingbyklaudia.al\/#website","url":"https:\/\/microbladingbyklaudia.al\/","name":"Klaudia's Aesthetics","description":"Microblading By Klaudia","publisher":{"@id":"https:\/\/microbladingbyklaudia.al\/#organization"},"potentialAction":[{"@type":"SearchAction","target":{"@type":"EntryPoint","urlTemplate":"https:\/\/microbladingbyklaudia.al\/?s={search_term_string}"},"query-input":{"@type":"PropertyValueSpecification","valueRequired":true,"valueName":"search_term_string"}}],"inLanguage":"sq-AL"},{"@type":"Organization","@id":"https:\/\/microbladingbyklaudia.al\/#organization","name":"Klaudia's Aesthetics","url":"https:\/\/microbladingbyklaudia.al\/","logo":{"@type":"ImageObject","inLanguage":"sq-AL","@id":"https:\/\/microbladingbyklaudia.al\/#\/schema\/logo\/image\/","url":"https:\/\/microbladingbyklaudia.al\/wp-content\/uploads\/2023\/02\/1-removebg-preview-e1676483562292.png","contentUrl":"https:\/\/microbladingbyklaudia.al\/wp-content\/uploads\/2023\/02\/1-removebg-preview-e1676483562292.png","width":250,"height":250,"caption":"Klaudia's Aesthetics"},"image":{"@id":"https:\/\/microbladingbyklaudia.al\/#\/schema\/logo\/image\/"},"sameAs":["https:\/\/www.facebook.com\/klaudiasaesthetic\/","https:\/\/www.instagram.com\/klaudias_aesthetic\/"]}]}},"_links":{"self":[{"href":"https:\/\/microbladingbyklaudia.al\/index.php?rest_route=\/wp\/v2\/pages\/3950","targetHints":{"allow":["GET"]}}],"collection":[{"href":"https:\/\/microbladingbyklaudia.al\/index.php?rest_route=\/wp\/v2\/pages"}],"about":[{"href":"https:\/\/microbladingbyklaudia.al\/index.php?rest_route=\/wp\/v2\/types\/page"}],"author":[{"embeddable":true,"href":"https:\/\/microbladingbyklaudia.al\/index.php?rest_route=\/wp\/v2\/users\/1"}],"replies":[{"embeddable":true,"href":"https:\/\/microbladingbyklaudia.al\/index.php?rest_route=%2Fwp%2Fv2%2Fcomments&post=3950"}],"version-history":[{"count":23,"href":"https:\/\/microbladingbyklaudia.al\/index.php?rest_route=\/wp\/v2\/pages\/3950\/revisions"}],"predecessor-version":[{"id":7059,"href":"https:\/\/microbladingbyklaudia.al\/index.php?rest_route=\/wp\/v2\/pages\/3950\/revisions\/7059"}],"wp:attachment":[{"href":"https:\/\/microbladingbyklaudia.al\/index.php?rest_route=%2Fwp%2Fv2%2Fmedia&parent=3950"}],"curies":[{"name":"wp","href":"https:\/\/api.w.org\/{rel}","templated":true}]}}