{"id":3957,"date":"2023-01-02T21:38:41","date_gmt":"2023-01-02T21:38:41","guid":{"rendered":"https:\/\/microbladingbyklaudia.al\/test\/test\/?page_id=3957"},"modified":"2024-03-10T18:13:11","modified_gmt":"2024-03-10T18:13:11","slug":"brows-lamination","status":"publish","type":"page","link":"https:\/\/microbladingbyklaudia.al\/?page_id=3957","title":{"rendered":"Brows Lamination"},"content":{"rendered":"<div class=\"wpb-content-wrapper\"><p>[vc_row][vc_column width=&#8221;1\/6&#8243;][\/vc_column][vc_column width=&#8221;2\/3&#8243;]<div class=\"mkdf-image-gallery  mkdf-ig-slider-type mkdf-three-columns mkdf-huge-space  \">\n\t<div class=\"mkdf-ig-slider mkdf-owl-slider\" data-number-of-items=\"1\" data-enable-loop=\"yes\" data-enable-autoplay=\"yes\" data-slider-speed=\"5000\" data-slider-speed-animation=\"600\" data-slider-padding=\"no\" data-enable-navigation=\"yes\" data-enable-pagination=\"yes\">\n\t\t\t\t\t<div class=\"mkdf-ig-image\">\n\t\t\t\t\t\t\t\t\t<img loading=\"lazy\" decoding=\"async\" width=\"1600\" height=\"1600\" src=\"https:\/\/microbladingbyklaudia.al\/wp-content\/uploads\/2023\/03\/IMG_4789.jpg\" class=\"attachment-full size-full\" alt=\"\" srcset=\"https:\/\/microbladingbyklaudia.al\/wp-content\/uploads\/2023\/03\/IMG_4789.jpg 1600w, https:\/\/microbladingbyklaudia.al\/wp-content\/uploads\/2023\/03\/IMG_4789-300x300.jpg 300w, https:\/\/microbladingbyklaudia.al\/wp-content\/uploads\/2023\/03\/IMG_4789-1024x1024.jpg 1024w, https:\/\/microbladingbyklaudia.al\/wp-content\/uploads\/2023\/03\/IMG_4789-150x150.jpg 150w, https:\/\/microbladingbyklaudia.al\/wp-content\/uploads\/2023\/03\/IMG_4789-768x768.jpg 768w, https:\/\/microbladingbyklaudia.al\/wp-content\/uploads\/2023\/03\/IMG_4789-1536x1536.jpg 1536w, https:\/\/microbladingbyklaudia.al\/wp-content\/uploads\/2023\/03\/IMG_4789-650x650.jpg 650w, https:\/\/microbladingbyklaudia.al\/wp-content\/uploads\/2023\/03\/IMG_4789-1300x1300.jpg 1300w\" sizes=\"auto, (max-width: 1600px) 100vw, 1600px\" \/>\t\t\t\t\t\t\t<\/div>\n\t\t\t\t\t<div class=\"mkdf-ig-image\">\n\t\t\t\t\t\t\t\t\t<img loading=\"lazy\" decoding=\"async\" width=\"894\" height=\"840\" src=\"https:\/\/microbladingbyklaudia.al\/wp-content\/uploads\/2023\/03\/IMG_4790.png\" class=\"attachment-full size-full\" alt=\"\" srcset=\"https:\/\/microbladingbyklaudia.al\/wp-content\/uploads\/2023\/03\/IMG_4790.png 894w, https:\/\/microbladingbyklaudia.al\/wp-content\/uploads\/2023\/03\/IMG_4790-300x282.png 300w, https:\/\/microbladingbyklaudia.al\/wp-content\/uploads\/2023\/03\/IMG_4790-768x722.png 768w\" sizes=\"auto, (max-width: 894px) 100vw, 894px\" \/>\t\t\t\t\t\t\t<\/div>\n\t\t\t<\/div>\n<\/div>[vc_empty_space height=&#8221;64px&#8221;][vc_column_text]<\/p>\n<div class=\"title-services\">\n<h5>Brows Lamination (Shtrirja e qimes natyrale)<\/h5>\n<\/div>\n<div class=\"blog-content\">\n<p>P\u00ebr t\u00eb gjitha vajzat q\u00eb p\u00ebr arsye t\u00eb ndryshme nuk preferojn\u00eb metod\u00ebn Microblading dhe duan vet\u00ebm form\u00ebn dhe q\u00eb vetulla t\u00eb duket m\u00eb e plot\u00eb, kjo \u00ebsht\u00eb metoda e duhur\ud83d\ude0d Nuk \u00ebsht\u00eb tattoo, nuk ka dhimbje, as g\u00ebrvishtje, as prerje, zgjat vet\u00ebm 30 minuta.<br \/>\nKjo teknik\u00eb p\u00ebrfshin 3 funksione:<br \/>\nDh\u00ebnien e form\u00ebs dhe pastrimin e vetull\u00ebs, lyerjen e vetull\u00ebs me boj\u00eb dhe mbi t\u00eb gjitha shtrirjen e fijeve q\u00eb vetulla t\u00eb duket sa m\u00eb e theksuar dhe e plot\u00eb\ud83d\ude0d<\/p>\n<\/div>\n<p>[\/vc_column_text][vc_empty_space height=&#8221;64px&#8221;]<div class=\"mkdf-video-button-holder  mkdf-vb-has-img \">\n\t<div class=\"mkdf-video-button-image\">\n\t\t<img loading=\"lazy\" decoding=\"async\" width=\"894\" height=\"840\" src=\"https:\/\/microbladingbyklaudia.al\/wp-content\/uploads\/2023\/03\/IMG_4790.png\" class=\"attachment-full size-full\" alt=\"\" srcset=\"https:\/\/microbladingbyklaudia.al\/wp-content\/uploads\/2023\/03\/IMG_4790.png 894w, https:\/\/microbladingbyklaudia.al\/wp-content\/uploads\/2023\/03\/IMG_4790-300x282.png 300w, https:\/\/microbladingbyklaudia.al\/wp-content\/uploads\/2023\/03\/IMG_4790-768x722.png 768w\" sizes=\"auto, (max-width: 894px) 100vw, 894px\" \/>\t<\/div>\n\t\t\t<a class=\"mkdf-video-button-play\" href=\"https:\/\/microbladingbyklaudia.al\/wp-content\/uploads\/2024\/03\/20231025220521100.mp4\" data-rel=\"prettyPhoto[video_button_pretty_photo_8]\">\n\t\t\t<span class=\"mkdf-video-button-play-inner\">\n\t\t\t\t<span class=\"mkdf-video-button-play-bg\" >\n\t\t\t\t\t<span class=\"mkdf-video-button-play-icon icon-control-play\" ><\/span>\n\t\t\t\t<\/span>\n\t\t\t<\/span>\n\t\t<\/a>\n\t<\/div>[\/vc_column][vc_column width=&#8221;1\/6&#8243;][\/vc_column][\/vc_row]<\/p>\n<\/div>","protected":false},"excerpt":{"rendered":"<p>[vc_row][vc_column width=&#8221;1\/6&#8243;][\/vc_column][vc_column width=&#8221;2\/3&#8243;][vc_empty_space height=&#8221;64px&#8221;][vc_column_text] Brows Lamination (Shtrirja e qimes natyrale) P\u00ebr t\u00eb gjitha vajzat q\u00eb p\u00ebr arsye t\u00eb ndryshme nuk preferojn\u00eb metod\u00ebn Microblading dhe duan vet\u00ebm form\u00ebn dhe q\u00eb vetulla t\u00eb duket m\u00eb e plot\u00eb, kjo \u00ebsht\u00eb metoda e duhur\ud83d\ude0d [&hellip;]<\/p>\n","protected":false},"author":1,"featured_media":0,"parent":0,"menu_order":0,"comment_status":"closed","ping_status":"closed","template":"","meta":{"footnotes":""},"class_list":["post-3957","page","type-page","status-publish","hentry"],"yoast_head":"<!-- This site is optimized with the Yoast SEO plugin v27.3 - https:\/\/yoast.com\/product\/yoast-seo-wordpress\/ -->\n<title>Brows Lamination - Microblading By Klaudia<\/title>\n<meta name=\"robots\" content=\"index, follow, max-snippet:-1, max-image-preview:large, max-video-preview:-1\" \/>\n<link rel=\"canonical\" href=\"https:\/\/microbladingbyklaudia.al\/?page_id=3957\" \/>\n<meta property=\"og:locale\" content=\"sq_AL\" \/>\n<meta property=\"og:type\" content=\"article\" \/>\n<meta property=\"og:title\" content=\"Brows Lamination - Microblading By Klaudia\" \/>\n<meta property=\"og:description\" content=\"[vc_row][vc_column width=&#8221;1\/6&#8243;][\/vc_column][vc_column width=&#8221;2\/3&#8243;][vc_empty_space height=&#8221;64px&#8221;][vc_column_text] Brows Lamination (Shtrirja e qimes natyrale) P\u00ebr t\u00eb gjitha vajzat q\u00eb p\u00ebr arsye t\u00eb ndryshme nuk preferojn\u00eb metod\u00ebn Microblading dhe duan vet\u00ebm form\u00ebn dhe q\u00eb vetulla t\u00eb duket m\u00eb e plot\u00eb, kjo \u00ebsht\u00eb metoda e duhur\ud83d\ude0d [&hellip;]\" \/>\n<meta property=\"og:url\" content=\"https:\/\/microbladingbyklaudia.al\/?page_id=3957\" \/>\n<meta property=\"og:site_name\" content=\"Microblading By Klaudia\" \/>\n<meta property=\"article:publisher\" content=\"https:\/\/www.facebook.com\/klaudiasaesthetic\/\" \/>\n<meta property=\"article:modified_time\" content=\"2024-03-10T18:13:11+00:00\" \/>\n<meta name=\"twitter:card\" content=\"summary_large_image\" \/>\n<meta name=\"twitter:label1\" content=\"Est. reading time\" \/>\n\t<meta name=\"twitter:data1\" content=\"1 minute\" \/>\n<script type=\"application\/ld+json\" class=\"yoast-schema-graph\">{\"@context\":\"https:\\\/\\\/schema.org\",\"@graph\":[{\"@type\":\"WebPage\",\"@id\":\"https:\\\/\\\/microbladingbyklaudia.al\\\/?page_id=3957\",\"url\":\"https:\\\/\\\/microbladingbyklaudia.al\\\/?page_id=3957\",\"name\":\"Brows Lamination - Microblading By Klaudia\",\"isPartOf\":{\"@id\":\"https:\\\/\\\/microbladingbyklaudia.al\\\/#website\"},\"datePublished\":\"2023-01-02T21:38:41+00:00\",\"dateModified\":\"2024-03-10T18:13:11+00:00\",\"breadcrumb\":{\"@id\":\"https:\\\/\\\/microbladingbyklaudia.al\\\/?page_id=3957#breadcrumb\"},\"inLanguage\":\"sq-AL\",\"potentialAction\":[{\"@type\":\"ReadAction\",\"target\":[\"https:\\\/\\\/microbladingbyklaudia.al\\\/?page_id=3957\"]}]},{\"@type\":\"BreadcrumbList\",\"@id\":\"https:\\\/\\\/microbladingbyklaudia.al\\\/?page_id=3957#breadcrumb\",\"itemListElement\":[{\"@type\":\"ListItem\",\"position\":1,\"name\":\"Home\",\"item\":\"https:\\\/\\\/microbladingbyklaudia.al\\\/\"},{\"@type\":\"ListItem\",\"position\":2,\"name\":\"Brows Lamination\"}]},{\"@type\":\"WebSite\",\"@id\":\"https:\\\/\\\/microbladingbyklaudia.al\\\/#website\",\"url\":\"https:\\\/\\\/microbladingbyklaudia.al\\\/\",\"name\":\"Klaudia's Aesthetics\",\"description\":\"Microblading By Klaudia\",\"publisher\":{\"@id\":\"https:\\\/\\\/microbladingbyklaudia.al\\\/#organization\"},\"potentialAction\":[{\"@type\":\"SearchAction\",\"target\":{\"@type\":\"EntryPoint\",\"urlTemplate\":\"https:\\\/\\\/microbladingbyklaudia.al\\\/?s={search_term_string}\"},\"query-input\":{\"@type\":\"PropertyValueSpecification\",\"valueRequired\":true,\"valueName\":\"search_term_string\"}}],\"inLanguage\":\"sq-AL\"},{\"@type\":\"Organization\",\"@id\":\"https:\\\/\\\/microbladingbyklaudia.al\\\/#organization\",\"name\":\"Klaudia's Aesthetics\",\"url\":\"https:\\\/\\\/microbladingbyklaudia.al\\\/\",\"logo\":{\"@type\":\"ImageObject\",\"inLanguage\":\"sq-AL\",\"@id\":\"https:\\\/\\\/microbladingbyklaudia.al\\\/#\\\/schema\\\/logo\\\/image\\\/\",\"url\":\"https:\\\/\\\/microbladingbyklaudia.al\\\/wp-content\\\/uploads\\\/2023\\\/02\\\/1-removebg-preview-e1676483562292.png\",\"contentUrl\":\"https:\\\/\\\/microbladingbyklaudia.al\\\/wp-content\\\/uploads\\\/2023\\\/02\\\/1-removebg-preview-e1676483562292.png\",\"width\":250,\"height\":250,\"caption\":\"Klaudia's Aesthetics\"},\"image\":{\"@id\":\"https:\\\/\\\/microbladingbyklaudia.al\\\/#\\\/schema\\\/logo\\\/image\\\/\"},\"sameAs\":[\"https:\\\/\\\/www.facebook.com\\\/klaudiasaesthetic\\\/\",\"https:\\\/\\\/www.instagram.com\\\/klaudias_aesthetic\\\/\"]}]}<\/script>\n<!-- \/ Yoast SEO plugin. -->","yoast_head_json":{"title":"Brows Lamination - Microblading By Klaudia","robots":{"index":"index","follow":"follow","max-snippet":"max-snippet:-1","max-image-preview":"max-image-preview:large","max-video-preview":"max-video-preview:-1"},"canonical":"https:\/\/microbladingbyklaudia.al\/?page_id=3957","og_locale":"sq_AL","og_type":"article","og_title":"Brows Lamination - Microblading By Klaudia","og_description":"[vc_row][vc_column width=&#8221;1\/6&#8243;][\/vc_column][vc_column width=&#8221;2\/3&#8243;][vc_empty_space height=&#8221;64px&#8221;][vc_column_text] Brows Lamination (Shtrirja e qimes natyrale) P\u00ebr t\u00eb gjitha vajzat q\u00eb p\u00ebr arsye t\u00eb ndryshme nuk preferojn\u00eb metod\u00ebn Microblading dhe duan vet\u00ebm form\u00ebn dhe q\u00eb vetulla t\u00eb duket m\u00eb e plot\u00eb, kjo \u00ebsht\u00eb metoda e duhur\ud83d\ude0d [&hellip;]","og_url":"https:\/\/microbladingbyklaudia.al\/?page_id=3957","og_site_name":"Microblading By Klaudia","article_publisher":"https:\/\/www.facebook.com\/klaudiasaesthetic\/","article_modified_time":"2024-03-10T18:13:11+00:00","twitter_card":"summary_large_image","twitter_misc":{"Est. reading time":"1 minute"},"schema":{"@context":"https:\/\/schema.org","@graph":[{"@type":"WebPage","@id":"https:\/\/microbladingbyklaudia.al\/?page_id=3957","url":"https:\/\/microbladingbyklaudia.al\/?page_id=3957","name":"Brows Lamination - Microblading By Klaudia","isPartOf":{"@id":"https:\/\/microbladingbyklaudia.al\/#website"},"datePublished":"2023-01-02T21:38:41+00:00","dateModified":"2024-03-10T18:13:11+00:00","breadcrumb":{"@id":"https:\/\/microbladingbyklaudia.al\/?page_id=3957#breadcrumb"},"inLanguage":"sq-AL","potentialAction":[{"@type":"ReadAction","target":["https:\/\/microbladingbyklaudia.al\/?page_id=3957"]}]},{"@type":"BreadcrumbList","@id":"https:\/\/microbladingbyklaudia.al\/?page_id=3957#breadcrumb","itemListElement":[{"@type":"ListItem","position":1,"name":"Home","item":"https:\/\/microbladingbyklaudia.al\/"},{"@type":"ListItem","position":2,"name":"Brows Lamination"}]},{"@type":"WebSite","@id":"https:\/\/microbladingbyklaudia.al\/#website","url":"https:\/\/microbladingbyklaudia.al\/","name":"Klaudia's Aesthetics","description":"Microblading By Klaudia","publisher":{"@id":"https:\/\/microbladingbyklaudia.al\/#organization"},"potentialAction":[{"@type":"SearchAction","target":{"@type":"EntryPoint","urlTemplate":"https:\/\/microbladingbyklaudia.al\/?s={search_term_string}"},"query-input":{"@type":"PropertyValueSpecification","valueRequired":true,"valueName":"search_term_string"}}],"inLanguage":"sq-AL"},{"@type":"Organization","@id":"https:\/\/microbladingbyklaudia.al\/#organization","name":"Klaudia's Aesthetics","url":"https:\/\/microbladingbyklaudia.al\/","logo":{"@type":"ImageObject","inLanguage":"sq-AL","@id":"https:\/\/microbladingbyklaudia.al\/#\/schema\/logo\/image\/","url":"https:\/\/microbladingbyklaudia.al\/wp-content\/uploads\/2023\/02\/1-removebg-preview-e1676483562292.png","contentUrl":"https:\/\/microbladingbyklaudia.al\/wp-content\/uploads\/2023\/02\/1-removebg-preview-e1676483562292.png","width":250,"height":250,"caption":"Klaudia's Aesthetics"},"image":{"@id":"https:\/\/microbladingbyklaudia.al\/#\/schema\/logo\/image\/"},"sameAs":["https:\/\/www.facebook.com\/klaudiasaesthetic\/","https:\/\/www.instagram.com\/klaudias_aesthetic\/"]}]}},"_links":{"self":[{"href":"https:\/\/microbladingbyklaudia.al\/index.php?rest_route=\/wp\/v2\/pages\/3957","targetHints":{"allow":["GET"]}}],"collection":[{"href":"https:\/\/microbladingbyklaudia.al\/index.php?rest_route=\/wp\/v2\/pages"}],"about":[{"href":"https:\/\/microbladingbyklaudia.al\/index.php?rest_route=\/wp\/v2\/types\/page"}],"author":[{"embeddable":true,"href":"https:\/\/microbladingbyklaudia.al\/index.php?rest_route=\/wp\/v2\/users\/1"}],"replies":[{"embeddable":true,"href":"https:\/\/microbladingbyklaudia.al\/index.php?rest_route=%2Fwp%2Fv2%2Fcomments&post=3957"}],"version-history":[{"count":7,"href":"https:\/\/microbladingbyklaudia.al\/index.php?rest_route=\/wp\/v2\/pages\/3957\/revisions"}],"predecessor-version":[{"id":6753,"href":"https:\/\/microbladingbyklaudia.al\/index.php?rest_route=\/wp\/v2\/pages\/3957\/revisions\/6753"}],"wp:attachment":[{"href":"https:\/\/microbladingbyklaudia.al\/index.php?rest_route=%2Fwp%2Fv2%2Fmedia&parent=3957"}],"curies":[{"name":"wp","href":"https:\/\/api.w.org\/{rel}","templated":true}]}}