{"id":6196,"date":"2023-02-15T19:48:41","date_gmt":"2023-02-15T19:48:41","guid":{"rendered":"https:\/\/microbladingbyklaudia.al\/?page_id=6196"},"modified":"2023-02-15T19:48:41","modified_gmt":"2023-02-15T19:48:41","slug":"brows-lamination-2-4-2","status":"publish","type":"page","link":"https:\/\/microbladingbyklaudia.al\/?page_id=6196","title":{"rendered":"Mikropigmentim i Skalpit"},"content":{"rendered":"<div class=\"wpb-content-wrapper\"><p>[vc_row][vc_column width=&#8221;1\/6&#8243;][\/vc_column][vc_column width=&#8221;2\/3&#8243;]<div class=\"mkdf-elements-holder   mkdf-one-column  mkdf-responsive-mode-768 \" ><div class=\"mkdf-eh-item   mkdf-horizontal-alignment-center \"  data-item-class=\"mkdf-eh-custom-6884\">\n\t<div class=\"mkdf-eh-item-inner\">\n\t\t<div class=\"mkdf-eh-item-content mkdf-eh-custom-6884\" >\n\t\t\t<div class=\"mkdf-image-gallery  mkdf-ig-carousel-type mkdf-three-columns mkdf-huge-space  \">\n\t<div class=\"mkdf-ig-slider mkdf-owl-slider\" data-number-of-items=\"1\" data-enable-loop=\"yes\" data-enable-autoplay=\"yes\" data-slider-speed=\"5000\" data-slider-speed-animation=\"600\" data-slider-padding=\"no\" data-enable-navigation=\"yes\" data-enable-pagination=\"yes\">\n\t\t\t\t\t<div class=\"mkdf-ig-image\">\n\t\t\t\t\t\t\t\t\t<img loading=\"lazy\" decoding=\"async\" width=\"1920\" height=\"2560\" src=\"https:\/\/microbladingbyklaudia.al\/wp-content\/uploads\/2023\/02\/IMG_7500-scaled.jpg\" class=\"attachment-full size-full\" alt=\"\" srcset=\"https:\/\/microbladingbyklaudia.al\/wp-content\/uploads\/2023\/02\/IMG_7500-scaled.jpg 1920w, https:\/\/microbladingbyklaudia.al\/wp-content\/uploads\/2023\/02\/IMG_7500-225x300.jpg 225w, https:\/\/microbladingbyklaudia.al\/wp-content\/uploads\/2023\/02\/IMG_7500-768x1024.jpg 768w, https:\/\/microbladingbyklaudia.al\/wp-content\/uploads\/2023\/02\/IMG_7500-1152x1536.jpg 1152w, https:\/\/microbladingbyklaudia.al\/wp-content\/uploads\/2023\/02\/IMG_7500-1536x2048.jpg 1536w\" sizes=\"auto, (max-width: 1920px) 100vw, 1920px\" \/>\t\t\t\t\t\t\t<\/div>\n\t\t\t\t\t<div class=\"mkdf-ig-image\">\n\t\t\t\t\t\t\t\t\t<img loading=\"lazy\" decoding=\"async\" width=\"1599\" height=\"1202\" src=\"https:\/\/microbladingbyklaudia.al\/wp-content\/uploads\/2023\/02\/33EB9DE8-E399-4648-8C17-B12ADEC6939B.jpg\" class=\"attachment-full size-full\" alt=\"\" srcset=\"https:\/\/microbladingbyklaudia.al\/wp-content\/uploads\/2023\/02\/33EB9DE8-E399-4648-8C17-B12ADEC6939B.jpg 1599w, https:\/\/microbladingbyklaudia.al\/wp-content\/uploads\/2023\/02\/33EB9DE8-E399-4648-8C17-B12ADEC6939B-300x226.jpg 300w, https:\/\/microbladingbyklaudia.al\/wp-content\/uploads\/2023\/02\/33EB9DE8-E399-4648-8C17-B12ADEC6939B-1024x770.jpg 1024w, https:\/\/microbladingbyklaudia.al\/wp-content\/uploads\/2023\/02\/33EB9DE8-E399-4648-8C17-B12ADEC6939B-768x577.jpg 768w, https:\/\/microbladingbyklaudia.al\/wp-content\/uploads\/2023\/02\/33EB9DE8-E399-4648-8C17-B12ADEC6939B-1536x1155.jpg 1536w\" sizes=\"auto, (max-width: 1599px) 100vw, 1599px\" \/>\t\t\t\t\t\t\t<\/div>\n\t\t\t\t\t<div class=\"mkdf-ig-image\">\n\t\t\t\t\t\t\t\t\t<img loading=\"lazy\" decoding=\"async\" width=\"1599\" height=\"1257\" src=\"https:\/\/microbladingbyklaudia.al\/wp-content\/uploads\/2023\/02\/7736DF0F-E719-446F-A44C-C8131E4D6441.jpeg\" class=\"attachment-full size-full\" alt=\"\" srcset=\"https:\/\/microbladingbyklaudia.al\/wp-content\/uploads\/2023\/02\/7736DF0F-E719-446F-A44C-C8131E4D6441.jpeg 1599w, https:\/\/microbladingbyklaudia.al\/wp-content\/uploads\/2023\/02\/7736DF0F-E719-446F-A44C-C8131E4D6441-300x236.jpeg 300w, https:\/\/microbladingbyklaudia.al\/wp-content\/uploads\/2023\/02\/7736DF0F-E719-446F-A44C-C8131E4D6441-1024x805.jpeg 1024w, https:\/\/microbladingbyklaudia.al\/wp-content\/uploads\/2023\/02\/7736DF0F-E719-446F-A44C-C8131E4D6441-768x604.jpeg 768w, https:\/\/microbladingbyklaudia.al\/wp-content\/uploads\/2023\/02\/7736DF0F-E719-446F-A44C-C8131E4D6441-1536x1207.jpeg 1536w\" sizes=\"auto, (max-width: 1599px) 100vw, 1599px\" \/>\t\t\t\t\t\t\t<\/div>\n\t\t\t\t\t<div class=\"mkdf-ig-image\">\n\t\t\t\t\t\t\t\t\t<img loading=\"lazy\" decoding=\"async\" width=\"2560\" height=\"2560\" src=\"https:\/\/microbladingbyklaudia.al\/wp-content\/uploads\/2023\/02\/CEADA9E1-8CCE-4F9A-B5AF-FD600217AC69-scaled.jpeg\" class=\"attachment-full size-full\" alt=\"\" srcset=\"https:\/\/microbladingbyklaudia.al\/wp-content\/uploads\/2023\/02\/CEADA9E1-8CCE-4F9A-B5AF-FD600217AC69-scaled.jpeg 2560w, https:\/\/microbladingbyklaudia.al\/wp-content\/uploads\/2023\/02\/CEADA9E1-8CCE-4F9A-B5AF-FD600217AC69-300x300.jpeg 300w, https:\/\/microbladingbyklaudia.al\/wp-content\/uploads\/2023\/02\/CEADA9E1-8CCE-4F9A-B5AF-FD600217AC69-1024x1024.jpeg 1024w, https:\/\/microbladingbyklaudia.al\/wp-content\/uploads\/2023\/02\/CEADA9E1-8CCE-4F9A-B5AF-FD600217AC69-150x150.jpeg 150w, https:\/\/microbladingbyklaudia.al\/wp-content\/uploads\/2023\/02\/CEADA9E1-8CCE-4F9A-B5AF-FD600217AC69-768x768.jpeg 768w, https:\/\/microbladingbyklaudia.al\/wp-content\/uploads\/2023\/02\/CEADA9E1-8CCE-4F9A-B5AF-FD600217AC69-1536x1536.jpeg 1536w, https:\/\/microbladingbyklaudia.al\/wp-content\/uploads\/2023\/02\/CEADA9E1-8CCE-4F9A-B5AF-FD600217AC69-650x650.jpeg 650w, https:\/\/microbladingbyklaudia.al\/wp-content\/uploads\/2023\/02\/CEADA9E1-8CCE-4F9A-B5AF-FD600217AC69-1300x1300.jpeg 1300w\" sizes=\"auto, (max-width: 2560px) 100vw, 2560px\" \/>\t\t\t\t\t\t\t<\/div>\n\t\t\t\t\t<div class=\"mkdf-ig-image\">\n\t\t\t\t\t\t\t\t\t<img loading=\"lazy\" decoding=\"async\" width=\"1600\" height=\"1600\" src=\"https:\/\/microbladingbyklaudia.al\/wp-content\/uploads\/2023\/02\/734608b3-1f01-4dd8-879c-ff23d129c797.jpg\" class=\"attachment-full size-full\" alt=\"\" srcset=\"https:\/\/microbladingbyklaudia.al\/wp-content\/uploads\/2023\/02\/734608b3-1f01-4dd8-879c-ff23d129c797.jpg 1600w, https:\/\/microbladingbyklaudia.al\/wp-content\/uploads\/2023\/02\/734608b3-1f01-4dd8-879c-ff23d129c797-300x300.jpg 300w, https:\/\/microbladingbyklaudia.al\/wp-content\/uploads\/2023\/02\/734608b3-1f01-4dd8-879c-ff23d129c797-1024x1024.jpg 1024w, https:\/\/microbladingbyklaudia.al\/wp-content\/uploads\/2023\/02\/734608b3-1f01-4dd8-879c-ff23d129c797-150x150.jpg 150w, https:\/\/microbladingbyklaudia.al\/wp-content\/uploads\/2023\/02\/734608b3-1f01-4dd8-879c-ff23d129c797-768x768.jpg 768w, https:\/\/microbladingbyklaudia.al\/wp-content\/uploads\/2023\/02\/734608b3-1f01-4dd8-879c-ff23d129c797-1536x1536.jpg 1536w, https:\/\/microbladingbyklaudia.al\/wp-content\/uploads\/2023\/02\/734608b3-1f01-4dd8-879c-ff23d129c797-650x650.jpg 650w, https:\/\/microbladingbyklaudia.al\/wp-content\/uploads\/2023\/02\/734608b3-1f01-4dd8-879c-ff23d129c797-1300x1300.jpg 1300w\" sizes=\"auto, (max-width: 1600px) 100vw, 1600px\" \/>\t\t\t\t\t\t\t<\/div>\n\t\t\t\t\t<div class=\"mkdf-ig-image\">\n\t\t\t\t\t\t\t\t\t<img loading=\"lazy\" decoding=\"async\" width=\"1600\" height=\"1600\" src=\"https:\/\/microbladingbyklaudia.al\/wp-content\/uploads\/2023\/02\/c7a84547-0d76-47fc-b5d9-24a4775b0336.jpg\" class=\"attachment-full size-full\" alt=\"\" srcset=\"https:\/\/microbladingbyklaudia.al\/wp-content\/uploads\/2023\/02\/c7a84547-0d76-47fc-b5d9-24a4775b0336.jpg 1600w, https:\/\/microbladingbyklaudia.al\/wp-content\/uploads\/2023\/02\/c7a84547-0d76-47fc-b5d9-24a4775b0336-300x300.jpg 300w, https:\/\/microbladingbyklaudia.al\/wp-content\/uploads\/2023\/02\/c7a84547-0d76-47fc-b5d9-24a4775b0336-1024x1024.jpg 1024w, https:\/\/microbladingbyklaudia.al\/wp-content\/uploads\/2023\/02\/c7a84547-0d76-47fc-b5d9-24a4775b0336-150x150.jpg 150w, https:\/\/microbladingbyklaudia.al\/wp-content\/uploads\/2023\/02\/c7a84547-0d76-47fc-b5d9-24a4775b0336-768x768.jpg 768w, https:\/\/microbladingbyklaudia.al\/wp-content\/uploads\/2023\/02\/c7a84547-0d76-47fc-b5d9-24a4775b0336-1536x1536.jpg 1536w, https:\/\/microbladingbyklaudia.al\/wp-content\/uploads\/2023\/02\/c7a84547-0d76-47fc-b5d9-24a4775b0336-650x650.jpg 650w, https:\/\/microbladingbyklaudia.al\/wp-content\/uploads\/2023\/02\/c7a84547-0d76-47fc-b5d9-24a4775b0336-1300x1300.jpg 1300w\" sizes=\"auto, (max-width: 1600px) 100vw, 1600px\" \/>\t\t\t\t\t\t\t<\/div>\n\t\t\t\t\t<div class=\"mkdf-ig-image\">\n\t\t\t\t\t\t\t\t\t<img loading=\"lazy\" decoding=\"async\" width=\"1599\" height=\"795\" src=\"https:\/\/microbladingbyklaudia.al\/wp-content\/uploads\/2023\/02\/4E45726D-B745-4E35-9DAF-0DAADAF70A8B.jpeg\" class=\"attachment-full size-full\" alt=\"\" srcset=\"https:\/\/microbladingbyklaudia.al\/wp-content\/uploads\/2023\/02\/4E45726D-B745-4E35-9DAF-0DAADAF70A8B.jpeg 1599w, https:\/\/microbladingbyklaudia.al\/wp-content\/uploads\/2023\/02\/4E45726D-B745-4E35-9DAF-0DAADAF70A8B-300x149.jpeg 300w, https:\/\/microbladingbyklaudia.al\/wp-content\/uploads\/2023\/02\/4E45726D-B745-4E35-9DAF-0DAADAF70A8B-1024x509.jpeg 1024w, https:\/\/microbladingbyklaudia.al\/wp-content\/uploads\/2023\/02\/4E45726D-B745-4E35-9DAF-0DAADAF70A8B-768x382.jpeg 768w, https:\/\/microbladingbyklaudia.al\/wp-content\/uploads\/2023\/02\/4E45726D-B745-4E35-9DAF-0DAADAF70A8B-1536x764.jpeg 1536w\" sizes=\"auto, (max-width: 1599px) 100vw, 1599px\" \/>\t\t\t\t\t\t\t<\/div>\n\t\t\t<\/div>\n<\/div>\t\t<\/div>\n\t<\/div>\n<\/div><\/div>[vc_empty_space height=&#8221;64px&#8221;][vc_column_text]<\/p>\n<div class=\"title-services\">\n<p>Scalp Micropigmentation (Mikropigmentim i kok\u00ebs) \u00ebsht\u00eb nj\u00eb trajtim jo invaziv q\u00eb p\u00ebrdor mikrogjilp\u00ebra t\u00eb detajuara p\u00ebr t\u00eb depozituar pigment n\u00eb l\u00ebkur\u00ebn e kok\u00ebs.<\/p>\n<p>Rezultati krijon pamjen e folikulave (rrenj\u00ebs)\u00a0\u00a0t\u00eb qimeve t\u00eb flok\u00ebve q\u00eb ndihmojn\u00eb n\u00eb rikthimin e pamjes s\u00eb flok\u00ebve m\u00eb t\u00eb plot\u00eb.<\/p>\n<p>N\u00ebse flok\u00ebt tuaj kan\u00eb filluar t\u00eb rrallohen, t\u00eb bien ose n\u00ebse jeni t\u00ebr\u00ebsisht tullac, ne mund t&#8217;ju japim pamjen e nj\u00eb prerjeje t\u00eb shkurt\u00ebr por t\u00eb dendur.<\/p>\n<p>Mikropigmentimi i skalpit, nj\u00eb efekt natyral dhe i plot\u00eb<\/p>\n<\/div>\n<p>[\/vc_column_text][vc_empty_space height=&#8221;64px&#8221;][\/vc_column][vc_column width=&#8221;1\/6&#8243;][\/vc_column][\/vc_row]<\/p>\n<\/div>","protected":false},"excerpt":{"rendered":"<p>[vc_row][vc_column width=&#8221;1\/6&#8243;][\/vc_column][vc_column width=&#8221;2\/3&#8243;][vc_empty_space height=&#8221;64px&#8221;][vc_column_text] Scalp Micropigmentation (Mikropigmentim i kok\u00ebs) \u00ebsht\u00eb nj\u00eb trajtim jo invaziv q\u00eb p\u00ebrdor mikrogjilp\u00ebra t\u00eb detajuara p\u00ebr t\u00eb depozituar pigment n\u00eb l\u00ebkur\u00ebn e kok\u00ebs. Rezultati krijon pamjen e folikulave (rrenj\u00ebs)\u00a0\u00a0t\u00eb qimeve t\u00eb flok\u00ebve q\u00eb ndihmojn\u00eb n\u00eb rikthimin [&hellip;]<\/p>\n","protected":false},"author":1,"featured_media":0,"parent":0,"menu_order":0,"comment_status":"closed","ping_status":"closed","template":"","meta":{"footnotes":""},"class_list":["post-6196","page","type-page","status-publish","hentry"],"yoast_head":"<!-- This site is optimized with the Yoast SEO plugin v27.2 - https:\/\/yoast.com\/product\/yoast-seo-wordpress\/ -->\n<title>Mikropigmentim i Skalpit - Microblading By Klaudia<\/title>\n<meta name=\"robots\" content=\"index, follow, max-snippet:-1, max-image-preview:large, max-video-preview:-1\" \/>\n<link rel=\"canonical\" href=\"https:\/\/microbladingbyklaudia.al\/?page_id=6196\" \/>\n<meta property=\"og:locale\" content=\"sq_AL\" \/>\n<meta property=\"og:type\" content=\"article\" \/>\n<meta property=\"og:title\" content=\"Mikropigmentim i Skalpit - Microblading By Klaudia\" \/>\n<meta property=\"og:description\" content=\"[vc_row][vc_column width=&#8221;1\/6&#8243;][\/vc_column][vc_column width=&#8221;2\/3&#8243;][vc_empty_space height=&#8221;64px&#8221;][vc_column_text] Scalp Micropigmentation (Mikropigmentim i kok\u00ebs) \u00ebsht\u00eb nj\u00eb trajtim jo invaziv q\u00eb p\u00ebrdor mikrogjilp\u00ebra t\u00eb detajuara p\u00ebr t\u00eb depozituar pigment n\u00eb l\u00ebkur\u00ebn e kok\u00ebs. Rezultati krijon pamjen e folikulave (rrenj\u00ebs)\u00a0\u00a0t\u00eb qimeve t\u00eb flok\u00ebve q\u00eb ndihmojn\u00eb n\u00eb rikthimin [&hellip;]\" \/>\n<meta property=\"og:url\" content=\"https:\/\/microbladingbyklaudia.al\/?page_id=6196\" \/>\n<meta property=\"og:site_name\" content=\"Microblading By Klaudia\" \/>\n<meta property=\"article:publisher\" content=\"https:\/\/www.facebook.com\/klaudiasaesthetic\/\" \/>\n<meta name=\"twitter:card\" content=\"summary_large_image\" \/>\n<meta name=\"twitter:label1\" content=\"Est. reading time\" \/>\n\t<meta name=\"twitter:data1\" content=\"1 minute\" \/>\n<script type=\"application\/ld+json\" class=\"yoast-schema-graph\">{\"@context\":\"https:\/\/schema.org\",\"@graph\":[{\"@type\":\"WebPage\",\"@id\":\"https:\/\/microbladingbyklaudia.al\/?page_id=6196\",\"url\":\"https:\/\/microbladingbyklaudia.al\/?page_id=6196\",\"name\":\"Mikropigmentim i Skalpit - Microblading By Klaudia\",\"isPartOf\":{\"@id\":\"https:\/\/microbladingbyklaudia.al\/#website\"},\"datePublished\":\"2023-02-15T19:48:41+00:00\",\"breadcrumb\":{\"@id\":\"https:\/\/microbladingbyklaudia.al\/?page_id=6196#breadcrumb\"},\"inLanguage\":\"sq-AL\",\"potentialAction\":[{\"@type\":\"ReadAction\",\"target\":[\"https:\/\/microbladingbyklaudia.al\/?page_id=6196\"]}]},{\"@type\":\"BreadcrumbList\",\"@id\":\"https:\/\/microbladingbyklaudia.al\/?page_id=6196#breadcrumb\",\"itemListElement\":[{\"@type\":\"ListItem\",\"position\":1,\"name\":\"Home\",\"item\":\"https:\/\/microbladingbyklaudia.al\/\"},{\"@type\":\"ListItem\",\"position\":2,\"name\":\"Mikropigmentim i Skalpit\"}]},{\"@type\":\"WebSite\",\"@id\":\"https:\/\/microbladingbyklaudia.al\/#website\",\"url\":\"https:\/\/microbladingbyklaudia.al\/\",\"name\":\"Klaudia's Aesthetics\",\"description\":\"Microblading By Klaudia\",\"publisher\":{\"@id\":\"https:\/\/microbladingbyklaudia.al\/#organization\"},\"potentialAction\":[{\"@type\":\"SearchAction\",\"target\":{\"@type\":\"EntryPoint\",\"urlTemplate\":\"https:\/\/microbladingbyklaudia.al\/?s={search_term_string}\"},\"query-input\":{\"@type\":\"PropertyValueSpecification\",\"valueRequired\":true,\"valueName\":\"search_term_string\"}}],\"inLanguage\":\"sq-AL\"},{\"@type\":\"Organization\",\"@id\":\"https:\/\/microbladingbyklaudia.al\/#organization\",\"name\":\"Klaudia's Aesthetics\",\"url\":\"https:\/\/microbladingbyklaudia.al\/\",\"logo\":{\"@type\":\"ImageObject\",\"inLanguage\":\"sq-AL\",\"@id\":\"https:\/\/microbladingbyklaudia.al\/#\/schema\/logo\/image\/\",\"url\":\"https:\/\/microbladingbyklaudia.al\/wp-content\/uploads\/2023\/02\/1-removebg-preview-e1676483562292.png\",\"contentUrl\":\"https:\/\/microbladingbyklaudia.al\/wp-content\/uploads\/2023\/02\/1-removebg-preview-e1676483562292.png\",\"width\":250,\"height\":250,\"caption\":\"Klaudia's Aesthetics\"},\"image\":{\"@id\":\"https:\/\/microbladingbyklaudia.al\/#\/schema\/logo\/image\/\"},\"sameAs\":[\"https:\/\/www.facebook.com\/klaudiasaesthetic\/\",\"https:\/\/www.instagram.com\/klaudias_aesthetic\/\"]}]}<\/script>\n<!-- \/ Yoast SEO plugin. -->","yoast_head_json":{"title":"Mikropigmentim i Skalpit - Microblading By Klaudia","robots":{"index":"index","follow":"follow","max-snippet":"max-snippet:-1","max-image-preview":"max-image-preview:large","max-video-preview":"max-video-preview:-1"},"canonical":"https:\/\/microbladingbyklaudia.al\/?page_id=6196","og_locale":"sq_AL","og_type":"article","og_title":"Mikropigmentim i Skalpit - Microblading By Klaudia","og_description":"[vc_row][vc_column width=&#8221;1\/6&#8243;][\/vc_column][vc_column width=&#8221;2\/3&#8243;][vc_empty_space height=&#8221;64px&#8221;][vc_column_text] Scalp Micropigmentation (Mikropigmentim i kok\u00ebs) \u00ebsht\u00eb nj\u00eb trajtim jo invaziv q\u00eb p\u00ebrdor mikrogjilp\u00ebra t\u00eb detajuara p\u00ebr t\u00eb depozituar pigment n\u00eb l\u00ebkur\u00ebn e kok\u00ebs. Rezultati krijon pamjen e folikulave (rrenj\u00ebs)\u00a0\u00a0t\u00eb qimeve t\u00eb flok\u00ebve q\u00eb ndihmojn\u00eb n\u00eb rikthimin [&hellip;]","og_url":"https:\/\/microbladingbyklaudia.al\/?page_id=6196","og_site_name":"Microblading By Klaudia","article_publisher":"https:\/\/www.facebook.com\/klaudiasaesthetic\/","twitter_card":"summary_large_image","twitter_misc":{"Est. reading time":"1 minute"},"schema":{"@context":"https:\/\/schema.org","@graph":[{"@type":"WebPage","@id":"https:\/\/microbladingbyklaudia.al\/?page_id=6196","url":"https:\/\/microbladingbyklaudia.al\/?page_id=6196","name":"Mikropigmentim i Skalpit - Microblading By Klaudia","isPartOf":{"@id":"https:\/\/microbladingbyklaudia.al\/#website"},"datePublished":"2023-02-15T19:48:41+00:00","breadcrumb":{"@id":"https:\/\/microbladingbyklaudia.al\/?page_id=6196#breadcrumb"},"inLanguage":"sq-AL","potentialAction":[{"@type":"ReadAction","target":["https:\/\/microbladingbyklaudia.al\/?page_id=6196"]}]},{"@type":"BreadcrumbList","@id":"https:\/\/microbladingbyklaudia.al\/?page_id=6196#breadcrumb","itemListElement":[{"@type":"ListItem","position":1,"name":"Home","item":"https:\/\/microbladingbyklaudia.al\/"},{"@type":"ListItem","position":2,"name":"Mikropigmentim i Skalpit"}]},{"@type":"WebSite","@id":"https:\/\/microbladingbyklaudia.al\/#website","url":"https:\/\/microbladingbyklaudia.al\/","name":"Klaudia's Aesthetics","description":"Microblading By Klaudia","publisher":{"@id":"https:\/\/microbladingbyklaudia.al\/#organization"},"potentialAction":[{"@type":"SearchAction","target":{"@type":"EntryPoint","urlTemplate":"https:\/\/microbladingbyklaudia.al\/?s={search_term_string}"},"query-input":{"@type":"PropertyValueSpecification","valueRequired":true,"valueName":"search_term_string"}}],"inLanguage":"sq-AL"},{"@type":"Organization","@id":"https:\/\/microbladingbyklaudia.al\/#organization","name":"Klaudia's Aesthetics","url":"https:\/\/microbladingbyklaudia.al\/","logo":{"@type":"ImageObject","inLanguage":"sq-AL","@id":"https:\/\/microbladingbyklaudia.al\/#\/schema\/logo\/image\/","url":"https:\/\/microbladingbyklaudia.al\/wp-content\/uploads\/2023\/02\/1-removebg-preview-e1676483562292.png","contentUrl":"https:\/\/microbladingbyklaudia.al\/wp-content\/uploads\/2023\/02\/1-removebg-preview-e1676483562292.png","width":250,"height":250,"caption":"Klaudia's Aesthetics"},"image":{"@id":"https:\/\/microbladingbyklaudia.al\/#\/schema\/logo\/image\/"},"sameAs":["https:\/\/www.facebook.com\/klaudiasaesthetic\/","https:\/\/www.instagram.com\/klaudias_aesthetic\/"]}]}},"_links":{"self":[{"href":"https:\/\/microbladingbyklaudia.al\/index.php?rest_route=\/wp\/v2\/pages\/6196","targetHints":{"allow":["GET"]}}],"collection":[{"href":"https:\/\/microbladingbyklaudia.al\/index.php?rest_route=\/wp\/v2\/pages"}],"about":[{"href":"https:\/\/microbladingbyklaudia.al\/index.php?rest_route=\/wp\/v2\/types\/page"}],"author":[{"embeddable":true,"href":"https:\/\/microbladingbyklaudia.al\/index.php?rest_route=\/wp\/v2\/users\/1"}],"replies":[{"embeddable":true,"href":"https:\/\/microbladingbyklaudia.al\/index.php?rest_route=%2Fwp%2Fv2%2Fcomments&post=6196"}],"version-history":[{"count":1,"href":"https:\/\/microbladingbyklaudia.al\/index.php?rest_route=\/wp\/v2\/pages\/6196\/revisions"}],"predecessor-version":[{"id":6221,"href":"https:\/\/microbladingbyklaudia.al\/index.php?rest_route=\/wp\/v2\/pages\/6196\/revisions\/6221"}],"wp:attachment":[{"href":"https:\/\/microbladingbyklaudia.al\/index.php?rest_route=%2Fwp%2Fv2%2Fmedia&parent=6196"}],"curies":[{"name":"wp","href":"https:\/\/api.w.org\/{rel}","templated":true}]}}