{"id":6518,"date":"2023-02-27T18:07:04","date_gmt":"2023-02-27T18:07:04","guid":{"rendered":"https:\/\/microbladingbyklaudia.al\/?page_id=6518"},"modified":"2023-02-27T18:07:04","modified_gmt":"2023-02-27T18:07:04","slug":"mundesi-per-ju-2-2-2-2","status":"publish","type":"page","link":"https:\/\/microbladingbyklaudia.al\/?page_id=6518","title":{"rendered":"Trajnimi Philaser"},"content":{"rendered":"<div class=\"wpb-content-wrapper\"><p>[vc_row full_height=&#8221;yes&#8221; equal_height=&#8221;yes&#8221; content_placement=&#8221;middle&#8221;][vc_column]<div class=\"mkdf-image-gallery  mkdf-ig-slider-type mkdf-three-columns mkdf-huge-space  \">\n\t<div class=\"mkdf-ig-slider mkdf-owl-slider\" data-number-of-items=\"1\" data-enable-loop=\"yes\" data-enable-autoplay=\"yes\" data-slider-speed=\"5000\" data-slider-speed-animation=\"600\" data-slider-padding=\"no\" data-enable-navigation=\"yes\" data-enable-pagination=\"yes\">\n\t\t\t\t\t<div class=\"mkdf-ig-image\">\n\t\t\t\t\t\t\t\t\t<img loading=\"lazy\" decoding=\"async\" width=\"1920\" height=\"2560\" src=\"https:\/\/microbladingbyklaudia.al\/wp-content\/uploads\/2023\/02\/IMG_1884-scaled.jpeg\" class=\"attachment-full size-full\" alt=\"\" srcset=\"https:\/\/microbladingbyklaudia.al\/wp-content\/uploads\/2023\/02\/IMG_1884-scaled.jpeg 1920w, https:\/\/microbladingbyklaudia.al\/wp-content\/uploads\/2023\/02\/IMG_1884-225x300.jpeg 225w, https:\/\/microbladingbyklaudia.al\/wp-content\/uploads\/2023\/02\/IMG_1884-768x1024.jpeg 768w, https:\/\/microbladingbyklaudia.al\/wp-content\/uploads\/2023\/02\/IMG_1884-1152x1536.jpeg 1152w, https:\/\/microbladingbyklaudia.al\/wp-content\/uploads\/2023\/02\/IMG_1884-1536x2048.jpeg 1536w\" sizes=\"auto, (max-width: 1920px) 100vw, 1920px\" \/>\t\t\t\t\t\t\t<\/div>\n\t\t\t\t\t<div class=\"mkdf-ig-image\">\n\t\t\t\t\t\t\t\t\t<img loading=\"lazy\" decoding=\"async\" width=\"1920\" height=\"2560\" src=\"https:\/\/microbladingbyklaudia.al\/wp-content\/uploads\/2023\/02\/IMG_0485-scaled.jpeg\" class=\"attachment-full size-full\" alt=\"\" srcset=\"https:\/\/microbladingbyklaudia.al\/wp-content\/uploads\/2023\/02\/IMG_0485-scaled.jpeg 1920w, https:\/\/microbladingbyklaudia.al\/wp-content\/uploads\/2023\/02\/IMG_0485-225x300.jpeg 225w, https:\/\/microbladingbyklaudia.al\/wp-content\/uploads\/2023\/02\/IMG_0485-768x1024.jpeg 768w, https:\/\/microbladingbyklaudia.al\/wp-content\/uploads\/2023\/02\/IMG_0485-1152x1536.jpeg 1152w, https:\/\/microbladingbyklaudia.al\/wp-content\/uploads\/2023\/02\/IMG_0485-1536x2048.jpeg 1536w\" sizes=\"auto, (max-width: 1920px) 100vw, 1920px\" \/>\t\t\t\t\t\t\t<\/div>\n\t\t\t\t\t<div class=\"mkdf-ig-image\">\n\t\t\t\t\t\t\t\t\t<img loading=\"lazy\" decoding=\"async\" width=\"2048\" height=\"2560\" src=\"https:\/\/microbladingbyklaudia.al\/wp-content\/uploads\/2023\/02\/C14CF388-FD98-46A5-BCC1-44B5A9BFF7E6-scaled.jpg\" class=\"attachment-full size-full\" alt=\"\" srcset=\"https:\/\/microbladingbyklaudia.al\/wp-content\/uploads\/2023\/02\/C14CF388-FD98-46A5-BCC1-44B5A9BFF7E6-scaled.jpg 2048w, https:\/\/microbladingbyklaudia.al\/wp-content\/uploads\/2023\/02\/C14CF388-FD98-46A5-BCC1-44B5A9BFF7E6-240x300.jpg 240w, https:\/\/microbladingbyklaudia.al\/wp-content\/uploads\/2023\/02\/C14CF388-FD98-46A5-BCC1-44B5A9BFF7E6-819x1024.jpg 819w, https:\/\/microbladingbyklaudia.al\/wp-content\/uploads\/2023\/02\/C14CF388-FD98-46A5-BCC1-44B5A9BFF7E6-768x960.jpg 768w, https:\/\/microbladingbyklaudia.al\/wp-content\/uploads\/2023\/02\/C14CF388-FD98-46A5-BCC1-44B5A9BFF7E6-1229x1536.jpg 1229w, https:\/\/microbladingbyklaudia.al\/wp-content\/uploads\/2023\/02\/C14CF388-FD98-46A5-BCC1-44B5A9BFF7E6-1638x2048.jpg 1638w\" sizes=\"auto, (max-width: 2048px) 100vw, 2048px\" \/>\t\t\t\t\t\t\t<\/div>\n\t\t\t\t\t<div class=\"mkdf-ig-image\">\n\t\t\t\t\t\t\t\t\t<img loading=\"lazy\" decoding=\"async\" width=\"1920\" height=\"2560\" src=\"https:\/\/microbladingbyklaudia.al\/wp-content\/uploads\/2023\/02\/IMG_7742-scaled.jpeg\" class=\"attachment-full size-full\" alt=\"\" srcset=\"https:\/\/microbladingbyklaudia.al\/wp-content\/uploads\/2023\/02\/IMG_7742-scaled.jpeg 1920w, https:\/\/microbladingbyklaudia.al\/wp-content\/uploads\/2023\/02\/IMG_7742-225x300.jpeg 225w, https:\/\/microbladingbyklaudia.al\/wp-content\/uploads\/2023\/02\/IMG_7742-768x1024.jpeg 768w, https:\/\/microbladingbyklaudia.al\/wp-content\/uploads\/2023\/02\/IMG_7742-1152x1536.jpeg 1152w, https:\/\/microbladingbyklaudia.al\/wp-content\/uploads\/2023\/02\/IMG_7742-1536x2048.jpeg 1536w\" sizes=\"auto, (max-width: 1920px) 100vw, 1920px\" \/>\t\t\t\t\t\t\t<\/div>\n\t\t\t\t\t<div class=\"mkdf-ig-image\">\n\t\t\t\t\t\t\t\t\t<img loading=\"lazy\" decoding=\"async\" width=\"1920\" height=\"2560\" src=\"https:\/\/microbladingbyklaudia.al\/wp-content\/uploads\/2023\/02\/IMG_6732-scaled.jpg\" class=\"attachment-full size-full\" alt=\"\" srcset=\"https:\/\/microbladingbyklaudia.al\/wp-content\/uploads\/2023\/02\/IMG_6732-scaled.jpg 1920w, https:\/\/microbladingbyklaudia.al\/wp-content\/uploads\/2023\/02\/IMG_6732-225x300.jpg 225w, https:\/\/microbladingbyklaudia.al\/wp-content\/uploads\/2023\/02\/IMG_6732-768x1024.jpg 768w, https:\/\/microbladingbyklaudia.al\/wp-content\/uploads\/2023\/02\/IMG_6732-1152x1536.jpg 1152w, https:\/\/microbladingbyklaudia.al\/wp-content\/uploads\/2023\/02\/IMG_6732-1536x2048.jpg 1536w\" sizes=\"auto, (max-width: 1920px) 100vw, 1920px\" \/>\t\t\t\t\t\t\t<\/div>\n\t\t\t\t\t<div class=\"mkdf-ig-image\">\n\t\t\t\t\t\t\t\t\t<img loading=\"lazy\" decoding=\"async\" width=\"1920\" height=\"2560\" src=\"https:\/\/microbladingbyklaudia.al\/wp-content\/uploads\/2023\/02\/IMG_6708-scaled.jpg\" class=\"attachment-full size-full\" alt=\"\" srcset=\"https:\/\/microbladingbyklaudia.al\/wp-content\/uploads\/2023\/02\/IMG_6708-scaled.jpg 1920w, https:\/\/microbladingbyklaudia.al\/wp-content\/uploads\/2023\/02\/IMG_6708-225x300.jpg 225w, https:\/\/microbladingbyklaudia.al\/wp-content\/uploads\/2023\/02\/IMG_6708-768x1024.jpg 768w, https:\/\/microbladingbyklaudia.al\/wp-content\/uploads\/2023\/02\/IMG_6708-1152x1536.jpg 1152w, https:\/\/microbladingbyklaudia.al\/wp-content\/uploads\/2023\/02\/IMG_6708-1536x2048.jpg 1536w\" sizes=\"auto, (max-width: 1920px) 100vw, 1920px\" \/>\t\t\t\t\t\t\t<\/div>\n\t\t\t\t\t<div class=\"mkdf-ig-image\">\n\t\t\t\t\t\t\t\t\t<img loading=\"lazy\" decoding=\"async\" width=\"1080\" height=\"1080\" src=\"https:\/\/microbladingbyklaudia.al\/wp-content\/uploads\/2023\/02\/IMG_2260.png\" class=\"attachment-full size-full\" alt=\"\" srcset=\"https:\/\/microbladingbyklaudia.al\/wp-content\/uploads\/2023\/02\/IMG_2260.png 1080w, https:\/\/microbladingbyklaudia.al\/wp-content\/uploads\/2023\/02\/IMG_2260-300x300.png 300w, https:\/\/microbladingbyklaudia.al\/wp-content\/uploads\/2023\/02\/IMG_2260-1024x1024.png 1024w, https:\/\/microbladingbyklaudia.al\/wp-content\/uploads\/2023\/02\/IMG_2260-150x150.png 150w, https:\/\/microbladingbyklaudia.al\/wp-content\/uploads\/2023\/02\/IMG_2260-768x768.png 768w, https:\/\/microbladingbyklaudia.al\/wp-content\/uploads\/2023\/02\/IMG_2260-650x650.png 650w\" sizes=\"auto, (max-width: 1080px) 100vw, 1080px\" \/>\t\t\t\t\t\t\t<\/div>\n\t\t\t<\/div>\n<\/div>[\/vc_column][\/vc_row][vc_row][vc_column][vc_empty_space height=&#8221;64px&#8221;][vc_column_text]<\/p>\n<div>\n<div>Trajnimi Philaser<\/div>\n<div><\/div>\n<div>Trajnimi \u00ebsht\u00eb n\u00eb gjuh\u00ebn angleze dhe student\u00ebt do t\u00eb ken\u00eb mb\u00ebshtetje online p\u00ebr 6 muaj dhe 1 dit\u00eb trajnim live.<\/div>\n<div>Student\u00ebt kan\u00eb edhe aplikacionin Craftmaster ku do t\u00eb ken\u00eb teori, praktik\u00eb, video demonstrime t\u00eb gjith\u00eb procedur\u00eb \u00a0si dhe mb\u00ebshtetjen e Masterit p\u00ebr \u00e7do pyetje dhe problem q\u00eb do t\u00eb ken\u00eb me klient\u00ebt.<\/div>\n<div>Trajnimi p\u00ebrfshin heqjen e tatuazhit t\u00eb trupit dhe vetullave dhe proceduren e Carbon Peeling dhe melasm\u00ebn.<\/div>\n<div><\/div>\n<div>Pas p\u00ebrfundimit t\u00eb niveleve student\u00ebt do t\u00eb marrin nj\u00eb certifikat\u00eb Tekniku nga akademia.<\/div>\n<\/div>\n<div class=\"title-services\">\n<p>&nbsp;<\/p>\n<\/div>\n<p>[\/vc_column_text][vc_empty_space height=&#8221;64px&#8221;]<div class=\"mkdf-elements-holder   mkdf-one-column  mkdf-responsive-mode-768 mkdf-one-column-alignment-center\" ><div class=\"mkdf-eh-item   mkdf-horizontal-alignment-center \"  data-item-class=\"mkdf-eh-custom-4173\">\n\t<div class=\"mkdf-eh-item-inner\">\n\t\t<div class=\"mkdf-eh-item-content mkdf-eh-custom-4173\" >\n\t\t\t\t\t<\/div>\n\t<\/div>\n<\/div><\/div>[\/vc_column][\/vc_row]<\/p>\n<\/div>","protected":false},"excerpt":{"rendered":"<p>[vc_row full_height=&#8221;yes&#8221; equal_height=&#8221;yes&#8221; content_placement=&#8221;middle&#8221;][vc_column][\/vc_column][\/vc_row][vc_row][vc_column][vc_empty_space height=&#8221;64px&#8221;][vc_column_text] Trajnimi Philaser Trajnimi \u00ebsht\u00eb n\u00eb gjuh\u00ebn angleze dhe student\u00ebt do t\u00eb ken\u00eb mb\u00ebshtetje online p\u00ebr 6 muaj dhe 1 dit\u00eb trajnim live. Student\u00ebt kan\u00eb edhe aplikacionin Craftmaster ku do t\u00eb ken\u00eb teori, praktik\u00eb, video demonstrime [&hellip;]<\/p>\n","protected":false},"author":1,"featured_media":0,"parent":0,"menu_order":0,"comment_status":"closed","ping_status":"closed","template":"","meta":{"footnotes":""},"class_list":["post-6518","page","type-page","status-publish","hentry"],"yoast_head":"<!-- This site is optimized with the Yoast SEO plugin v27.3 - https:\/\/yoast.com\/product\/yoast-seo-wordpress\/ -->\n<title>Trajnimi Philaser - Microblading By Klaudia<\/title>\n<meta name=\"robots\" content=\"index, follow, max-snippet:-1, max-image-preview:large, max-video-preview:-1\" \/>\n<link rel=\"canonical\" href=\"https:\/\/microbladingbyklaudia.al\/?page_id=6518\" \/>\n<meta property=\"og:locale\" content=\"sq_AL\" \/>\n<meta property=\"og:type\" content=\"article\" \/>\n<meta property=\"og:title\" content=\"Trajnimi Philaser - Microblading By Klaudia\" \/>\n<meta property=\"og:description\" content=\"[vc_row full_height=&#8221;yes&#8221; equal_height=&#8221;yes&#8221; content_placement=&#8221;middle&#8221;][vc_column][\/vc_column][\/vc_row][vc_row][vc_column][vc_empty_space height=&#8221;64px&#8221;][vc_column_text] Trajnimi Philaser Trajnimi \u00ebsht\u00eb n\u00eb gjuh\u00ebn angleze dhe student\u00ebt do t\u00eb ken\u00eb mb\u00ebshtetje online p\u00ebr 6 muaj dhe 1 dit\u00eb trajnim live. Student\u00ebt kan\u00eb edhe aplikacionin Craftmaster ku do t\u00eb ken\u00eb teori, praktik\u00eb, video demonstrime [&hellip;]\" \/>\n<meta property=\"og:url\" content=\"https:\/\/microbladingbyklaudia.al\/?page_id=6518\" \/>\n<meta property=\"og:site_name\" content=\"Microblading By Klaudia\" \/>\n<meta property=\"article:publisher\" content=\"https:\/\/www.facebook.com\/klaudiasaesthetic\/\" \/>\n<meta name=\"twitter:card\" content=\"summary_large_image\" \/>\n<meta name=\"twitter:label1\" content=\"Est. reading time\" \/>\n\t<meta name=\"twitter:data1\" content=\"1 minute\" \/>\n<script type=\"application\/ld+json\" class=\"yoast-schema-graph\">{\"@context\":\"https:\\\/\\\/schema.org\",\"@graph\":[{\"@type\":\"WebPage\",\"@id\":\"https:\\\/\\\/microbladingbyklaudia.al\\\/?page_id=6518\",\"url\":\"https:\\\/\\\/microbladingbyklaudia.al\\\/?page_id=6518\",\"name\":\"Trajnimi Philaser - Microblading By Klaudia\",\"isPartOf\":{\"@id\":\"https:\\\/\\\/microbladingbyklaudia.al\\\/#website\"},\"datePublished\":\"2023-02-27T18:07:04+00:00\",\"breadcrumb\":{\"@id\":\"https:\\\/\\\/microbladingbyklaudia.al\\\/?page_id=6518#breadcrumb\"},\"inLanguage\":\"sq-AL\",\"potentialAction\":[{\"@type\":\"ReadAction\",\"target\":[\"https:\\\/\\\/microbladingbyklaudia.al\\\/?page_id=6518\"]}]},{\"@type\":\"BreadcrumbList\",\"@id\":\"https:\\\/\\\/microbladingbyklaudia.al\\\/?page_id=6518#breadcrumb\",\"itemListElement\":[{\"@type\":\"ListItem\",\"position\":1,\"name\":\"Home\",\"item\":\"https:\\\/\\\/microbladingbyklaudia.al\\\/\"},{\"@type\":\"ListItem\",\"position\":2,\"name\":\"Trajnimi Philaser\"}]},{\"@type\":\"WebSite\",\"@id\":\"https:\\\/\\\/microbladingbyklaudia.al\\\/#website\",\"url\":\"https:\\\/\\\/microbladingbyklaudia.al\\\/\",\"name\":\"Klaudia's Aesthetics\",\"description\":\"Microblading By Klaudia\",\"publisher\":{\"@id\":\"https:\\\/\\\/microbladingbyklaudia.al\\\/#organization\"},\"potentialAction\":[{\"@type\":\"SearchAction\",\"target\":{\"@type\":\"EntryPoint\",\"urlTemplate\":\"https:\\\/\\\/microbladingbyklaudia.al\\\/?s={search_term_string}\"},\"query-input\":{\"@type\":\"PropertyValueSpecification\",\"valueRequired\":true,\"valueName\":\"search_term_string\"}}],\"inLanguage\":\"sq-AL\"},{\"@type\":\"Organization\",\"@id\":\"https:\\\/\\\/microbladingbyklaudia.al\\\/#organization\",\"name\":\"Klaudia's Aesthetics\",\"url\":\"https:\\\/\\\/microbladingbyklaudia.al\\\/\",\"logo\":{\"@type\":\"ImageObject\",\"inLanguage\":\"sq-AL\",\"@id\":\"https:\\\/\\\/microbladingbyklaudia.al\\\/#\\\/schema\\\/logo\\\/image\\\/\",\"url\":\"https:\\\/\\\/microbladingbyklaudia.al\\\/wp-content\\\/uploads\\\/2023\\\/02\\\/1-removebg-preview-e1676483562292.png\",\"contentUrl\":\"https:\\\/\\\/microbladingbyklaudia.al\\\/wp-content\\\/uploads\\\/2023\\\/02\\\/1-removebg-preview-e1676483562292.png\",\"width\":250,\"height\":250,\"caption\":\"Klaudia's Aesthetics\"},\"image\":{\"@id\":\"https:\\\/\\\/microbladingbyklaudia.al\\\/#\\\/schema\\\/logo\\\/image\\\/\"},\"sameAs\":[\"https:\\\/\\\/www.facebook.com\\\/klaudiasaesthetic\\\/\",\"https:\\\/\\\/www.instagram.com\\\/klaudias_aesthetic\\\/\"]}]}<\/script>\n<!-- \/ Yoast SEO plugin. -->","yoast_head_json":{"title":"Trajnimi Philaser - Microblading By Klaudia","robots":{"index":"index","follow":"follow","max-snippet":"max-snippet:-1","max-image-preview":"max-image-preview:large","max-video-preview":"max-video-preview:-1"},"canonical":"https:\/\/microbladingbyklaudia.al\/?page_id=6518","og_locale":"sq_AL","og_type":"article","og_title":"Trajnimi Philaser - Microblading By Klaudia","og_description":"[vc_row full_height=&#8221;yes&#8221; equal_height=&#8221;yes&#8221; content_placement=&#8221;middle&#8221;][vc_column][\/vc_column][\/vc_row][vc_row][vc_column][vc_empty_space height=&#8221;64px&#8221;][vc_column_text] Trajnimi Philaser Trajnimi \u00ebsht\u00eb n\u00eb gjuh\u00ebn angleze dhe student\u00ebt do t\u00eb ken\u00eb mb\u00ebshtetje online p\u00ebr 6 muaj dhe 1 dit\u00eb trajnim live. Student\u00ebt kan\u00eb edhe aplikacionin Craftmaster ku do t\u00eb ken\u00eb teori, praktik\u00eb, video demonstrime [&hellip;]","og_url":"https:\/\/microbladingbyklaudia.al\/?page_id=6518","og_site_name":"Microblading By Klaudia","article_publisher":"https:\/\/www.facebook.com\/klaudiasaesthetic\/","twitter_card":"summary_large_image","twitter_misc":{"Est. reading time":"1 minute"},"schema":{"@context":"https:\/\/schema.org","@graph":[{"@type":"WebPage","@id":"https:\/\/microbladingbyklaudia.al\/?page_id=6518","url":"https:\/\/microbladingbyklaudia.al\/?page_id=6518","name":"Trajnimi Philaser - Microblading By Klaudia","isPartOf":{"@id":"https:\/\/microbladingbyklaudia.al\/#website"},"datePublished":"2023-02-27T18:07:04+00:00","breadcrumb":{"@id":"https:\/\/microbladingbyklaudia.al\/?page_id=6518#breadcrumb"},"inLanguage":"sq-AL","potentialAction":[{"@type":"ReadAction","target":["https:\/\/microbladingbyklaudia.al\/?page_id=6518"]}]},{"@type":"BreadcrumbList","@id":"https:\/\/microbladingbyklaudia.al\/?page_id=6518#breadcrumb","itemListElement":[{"@type":"ListItem","position":1,"name":"Home","item":"https:\/\/microbladingbyklaudia.al\/"},{"@type":"ListItem","position":2,"name":"Trajnimi Philaser"}]},{"@type":"WebSite","@id":"https:\/\/microbladingbyklaudia.al\/#website","url":"https:\/\/microbladingbyklaudia.al\/","name":"Klaudia's Aesthetics","description":"Microblading By Klaudia","publisher":{"@id":"https:\/\/microbladingbyklaudia.al\/#organization"},"potentialAction":[{"@type":"SearchAction","target":{"@type":"EntryPoint","urlTemplate":"https:\/\/microbladingbyklaudia.al\/?s={search_term_string}"},"query-input":{"@type":"PropertyValueSpecification","valueRequired":true,"valueName":"search_term_string"}}],"inLanguage":"sq-AL"},{"@type":"Organization","@id":"https:\/\/microbladingbyklaudia.al\/#organization","name":"Klaudia's Aesthetics","url":"https:\/\/microbladingbyklaudia.al\/","logo":{"@type":"ImageObject","inLanguage":"sq-AL","@id":"https:\/\/microbladingbyklaudia.al\/#\/schema\/logo\/image\/","url":"https:\/\/microbladingbyklaudia.al\/wp-content\/uploads\/2023\/02\/1-removebg-preview-e1676483562292.png","contentUrl":"https:\/\/microbladingbyklaudia.al\/wp-content\/uploads\/2023\/02\/1-removebg-preview-e1676483562292.png","width":250,"height":250,"caption":"Klaudia's Aesthetics"},"image":{"@id":"https:\/\/microbladingbyklaudia.al\/#\/schema\/logo\/image\/"},"sameAs":["https:\/\/www.facebook.com\/klaudiasaesthetic\/","https:\/\/www.instagram.com\/klaudias_aesthetic\/"]}]}},"_links":{"self":[{"href":"https:\/\/microbladingbyklaudia.al\/index.php?rest_route=\/wp\/v2\/pages\/6518","targetHints":{"allow":["GET"]}}],"collection":[{"href":"https:\/\/microbladingbyklaudia.al\/index.php?rest_route=\/wp\/v2\/pages"}],"about":[{"href":"https:\/\/microbladingbyklaudia.al\/index.php?rest_route=\/wp\/v2\/types\/page"}],"author":[{"embeddable":true,"href":"https:\/\/microbladingbyklaudia.al\/index.php?rest_route=\/wp\/v2\/users\/1"}],"replies":[{"embeddable":true,"href":"https:\/\/microbladingbyklaudia.al\/index.php?rest_route=%2Fwp%2Fv2%2Fcomments&post=6518"}],"version-history":[{"count":1,"href":"https:\/\/microbladingbyklaudia.al\/index.php?rest_route=\/wp\/v2\/pages\/6518\/revisions"}],"predecessor-version":[{"id":6564,"href":"https:\/\/microbladingbyklaudia.al\/index.php?rest_route=\/wp\/v2\/pages\/6518\/revisions\/6564"}],"wp:attachment":[{"href":"https:\/\/microbladingbyklaudia.al\/index.php?rest_route=%2Fwp%2Fv2%2Fmedia&parent=6518"}],"curies":[{"name":"wp","href":"https:\/\/api.w.org\/{rel}","templated":true}]}}